{"version":"1.0","provider_name":"LA TIENDITA DE SAN JOS\u00c9","provider_url":"https:\/\/latienditadesanjose.com","author_name":"admin","author_url":"https:\/\/latienditadesanjose.com\/index.php\/author\/admin\/","title":"CLARA DE ASIS BIOGRAFIA - LA TIENDITA DE SAN JOS\u00c9","type":"rich","width":600,"height":338,"html":"<blockquote class=\"wp-embedded-content\" data-secret=\"hPYIuJPIrB\"><a href=\"https:\/\/latienditadesanjose.com\/index.php\/producto\/clara-de-asis-biografia\/\">CLARA DE ASIS BIOGRAFIA<\/a><\/blockquote><iframe sandbox=\"allow-scripts\" security=\"restricted\" src=\"https:\/\/latienditadesanjose.com\/index.php\/producto\/clara-de-asis-biografia\/embed\/#?secret=hPYIuJPIrB\" width=\"600\" height=\"338\" title=\"\u00abCLARA DE ASIS BIOGRAFIA\u00bb \u2014 LA TIENDITA DE SAN JOS\u00c9\" data-secret=\"hPYIuJPIrB\" frameborder=\"0\" marginwidth=\"0\" marginheight=\"0\" scrolling=\"no\" class=\"wp-embedded-content\"><\/iframe><script>\n\/*! This file is auto-generated *\/\n!function(c,d){\"use strict\";var e=!1,o=!1;if(d.querySelector)if(c.addEventListener)e=!0;if(c.wp=c.wp||{},c.wp.receiveEmbedMessage);else if(c.wp.receiveEmbedMessage=function(e){var t=e.data;if(!t);else if(!(t.secret||t.message||t.value));else if(\/[^a-zA-Z0-9]\/.test(t.secret));else{for(var r,s,a,i=d.querySelectorAll('iframe[data-secret=\"'+t.secret+'\"]'),n=d.querySelectorAll('blockquote[data-secret=\"'+t.secret+'\"]'),o=new RegExp(\"^https?:$\",\"i\"),l=0;l<n.length;l++)n[l].style.display=\"none\";for(l=0;l<i.length;l++)if(r=i[l],e.source!==r.contentWindow);else{if(r.removeAttribute(\"style\"),\"height\"===t.message){if(1e3<(s=parseInt(t.value,10)))s=1e3;else if(~~s<200)s=200;r.height=s}if(\"link\"===t.message)if(s=d.createElement(\"a\"),a=d.createElement(\"a\"),s.href=r.getAttribute(\"src\"),a.href=t.value,!o.test(a.protocol));else if(a.host===s.host)if(d.activeElement===r)c.top.location.href=t.value}}},e)c.addEventListener(\"message\",c.wp.receiveEmbedMessage,!1),d.addEventListener(\"DOMContentLoaded\",t,!1),c.addEventListener(\"load\",t,!1);function t(){if(o);else{o=!0;for(var e,t,r,s=-1!==navigator.appVersion.indexOf(\"MSIE 10\"),a=!!navigator.userAgent.match(\/Trident.*rv:11\\.\/),i=d.querySelectorAll(\"iframe.wp-embedded-content\"),n=0;n<i.length;n++){if(!(r=(t=i[n]).getAttribute(\"data-secret\")))r=Math.random().toString(36).substr(2,10),t.src+=\"#?secret=\"+r,t.setAttribute(\"data-secret\",r);if(s||a)(e=t.cloneNode(!0)).removeAttribute(\"security\"),t.parentNode.replaceChild(e,t);t.contentWindow.postMessage({message:\"ready\",secret:r},\"*\")}}}}(window,document);\n<\/script>\n","thumbnail_url":"https:\/\/latienditadesanjose.com\/wp-content\/uploads\/2024\/03\/CLARA-DE-ASIS-BIOGRAFIA_GIANLUIGI-PASQUALE-13.40.jpg","thumbnail_width":541,"thumbnail_height":797,"description":"Gianluigi Pasquale nos ofrece un retrato profundo y conmovedor de una de las figuras m\u00e1s destacadas de la historia religiosa: Santa Clara de As\u00eds. A trav\u00e9s de una narrativa cuidadosamente elaborada y llena de detalles hist\u00f3ricos, Pasquale nos sumerge en la vida extraordinaria de esta mujer santa y visionaria.  Desde sus humildes comienzos como hija de una familia noble hasta su consagraci\u00f3n como fundadora de la Orden de las Clarisas, Clara de As\u00eds es presentada como un modelo de fe, valent\u00eda y devoci\u00f3n. Pasquale nos lleva en un viaje emocionante a trav\u00e9s de los desaf\u00edos y triunfos de Clara, destacando su profundo compromiso con la pobreza, la oraci\u00f3n y el servicio a los dem\u00e1s.  Es una lectura cautivadora que ilumina no solo la vida de su protagonista, sino tambi\u00e9n el contexto hist\u00f3rico y religioso en el que vivi\u00f3. Es un tributo conmovedor a una mujer cuyo legado perdura hasta nuestros d\u00edas, record\u00e1ndonos el poder transformador de la fe y la entrega total a la voluntad de Dios."}

LA TIENDITA DE SAN JOSÉ

CLARA DE ASIS BIOGRAFIA - LA TIENDITA DE SAN JOSÉ

<blockquote class="wp-embedded-content" data-secret="hPYIuJPIrB"><a href="https://latienditadesanjose.com/index.php/producto/clara-de-asis-biografia/">CLARA DE ASIS BIOGRAFIA</a></blockquote><iframe sandbox="allow-scripts" security="restricted" src="https://latienditadesanjose.com/index.php/producto/clara-de-asis-biografia/embed/#?secret=hPYIuJPIrB" width="600" height="338" title="«CLARA DE ASIS BIOGRAFIA» — LA TIENDITA DE SAN JOSÉ" data-secret="hPYIuJPIrB" frameborder="0" marginwidth="0" marginheight="0" scrolling="no" class="wp-embedded-content"></iframe><script>
/*! This file is auto-generated */
!function(c,d){"use strict";var e=!1,o=!1;if(d.querySelector)if(c.addEventListener)e=!0;if(c.wp=c.wp||{},c.wp.receiveEmbedMessage);else if(c.wp.receiveEmbedMessage=function(e){var t=e.data;if(!t);else if(!(t.secret||t.message||t.value));else if(/[^a-zA-Z0-9]/.test(t.secret));else{for(var r,s,a,i=d.querySelectorAll('iframe[data-secret="'+t.secret+'"]'),n=d.querySelectorAll('blockquote[data-secret="'+t.secret+'"]'),o=new RegExp("^https?:$","i"),l=0;l<n.length;l++)n[l].style.display="none";for(l=0;l<i.length;l++)if(r=i[l],e.source!==r.contentWindow);else{if(r.removeAttribute("style"),"height"===t.message){if(1e3<(s=parseInt(t.value,10)))s=1e3;else if(~~s<200)s=200;r.height=s}if("link"===t.message)if(s=d.createElement("a"),a=d.createElement("a"),s.href=r.getAttribute("src"),a.href=t.value,!o.test(a.protocol));else if(a.host===s.host)if(d.activeElement===r)c.top.location.href=t.value}}},e)c.addEventListener("message",c.wp.receiveEmbedMessage,!1),d.addEventListener("DOMContentLoaded",t,!1),c.addEventListener("load",t,!1);function t(){if(o);else{o=!0;for(var e,t,r,s=-1!==navigator.appVersion.indexOf("MSIE 10"),a=!!navigator.userAgent.match(/Trident.*rv:11\./),i=d.querySelectorAll("iframe.wp-embedded-content"),n=0;n<i.length;n++){if(!(r=(t=i[n]).getAttribute("data-secret")))r=Math.random().toString(36).substr(2,10),t.src+="#?secret="+r,t.setAttribute("data-secret",r);if(s||a)(e=t.cloneNode(!0)).removeAttribute("security"),t.parentNode.replaceChild(e,t);t.contentWindow.postMessage({message:"ready",secret:r},"*")}}}}(window,document);
</script>

Gianluigi Pasquale nos ofrece un retrato profundo y conmovedor de una de las figuras más destacadas de la historia religiosa: Santa Clara de Asís. A través de una narrativa cuidadosamente elaborada y llena de detalles históricos, Pasquale nos sumerge en la vida extraordinaria de esta mujer santa y visionaria.  Desde sus humildes comienzos como hija de una familia noble hasta su consagración como fundadora de la Orden de las Clarisas, Clara de Asís es presentada como un modelo de fe, valentía y devoción. Pasquale nos lleva en un viaje emocionante a través de los desafíos y triunfos de Clara, destacando su profundo compromiso con la pobreza, la oración y el servicio a los demás.  Es una lectura cautivadora que ilumina no solo la vida de su protagonista, sino también el contexto histórico y religioso en el que vivió. Es un tributo conmovedor a una mujer cuyo legado perdura hasta nuestros días, recordándonos el poder transformador de la fe y la entrega total a la voluntad de Dios.
