{"version":"1.0","provider_name":"LA TIENDITA DE SAN JOS\u00c9","provider_url":"https:\/\/latienditadesanjose.com","author_name":"admin","author_url":"https:\/\/latienditadesanjose.com\/index.php\/author\/admin\/","title":"CUARESMA PASCUA Y PENTECOSTES - LA TIENDITA DE SAN JOS\u00c9","type":"rich","width":600,"height":338,"html":"<blockquote class=\"wp-embedded-content\" data-secret=\"KOze5bSLSV\"><a href=\"https:\/\/latienditadesanjose.com\/index.php\/producto\/cuaresma-pascua-y-pentecostes\/\">CUARESMA PASCUA Y PENTECOSTES<\/a><\/blockquote><iframe sandbox=\"allow-scripts\" security=\"restricted\" src=\"https:\/\/latienditadesanjose.com\/index.php\/producto\/cuaresma-pascua-y-pentecostes\/embed\/#?secret=KOze5bSLSV\" width=\"600\" height=\"338\" title=\"\u00abCUARESMA PASCUA Y PENTECOSTES\u00bb \u2014 LA TIENDITA DE SAN JOS\u00c9\" data-secret=\"KOze5bSLSV\" frameborder=\"0\" marginwidth=\"0\" marginheight=\"0\" scrolling=\"no\" class=\"wp-embedded-content\"><\/iframe><script>\n\/*! This file is auto-generated *\/\n!function(c,d){\"use strict\";var e=!1,o=!1;if(d.querySelector)if(c.addEventListener)e=!0;if(c.wp=c.wp||{},c.wp.receiveEmbedMessage);else if(c.wp.receiveEmbedMessage=function(e){var t=e.data;if(!t);else if(!(t.secret||t.message||t.value));else if(\/[^a-zA-Z0-9]\/.test(t.secret));else{for(var r,s,a,i=d.querySelectorAll('iframe[data-secret=\"'+t.secret+'\"]'),n=d.querySelectorAll('blockquote[data-secret=\"'+t.secret+'\"]'),o=new RegExp(\"^https?:$\",\"i\"),l=0;l<n.length;l++)n[l].style.display=\"none\";for(l=0;l<i.length;l++)if(r=i[l],e.source!==r.contentWindow);else{if(r.removeAttribute(\"style\"),\"height\"===t.message){if(1e3<(s=parseInt(t.value,10)))s=1e3;else if(~~s<200)s=200;r.height=s}if(\"link\"===t.message)if(s=d.createElement(\"a\"),a=d.createElement(\"a\"),s.href=r.getAttribute(\"src\"),a.href=t.value,!o.test(a.protocol));else if(a.host===s.host)if(d.activeElement===r)c.top.location.href=t.value}}},e)c.addEventListener(\"message\",c.wp.receiveEmbedMessage,!1),d.addEventListener(\"DOMContentLoaded\",t,!1),c.addEventListener(\"load\",t,!1);function t(){if(o);else{o=!0;for(var e,t,r,s=-1!==navigator.appVersion.indexOf(\"MSIE 10\"),a=!!navigator.userAgent.match(\/Trident.*rv:11\\.\/),i=d.querySelectorAll(\"iframe.wp-embedded-content\"),n=0;n<i.length;n++){if(!(r=(t=i[n]).getAttribute(\"data-secret\")))r=Math.random().toString(36).substr(2,10),t.src+=\"#?secret=\"+r,t.setAttribute(\"data-secret\",r);if(s||a)(e=t.cloneNode(!0)).removeAttribute(\"security\"),t.parentNode.replaceChild(e,t);t.contentWindow.postMessage({message:\"ready\",secret:r},\"*\")}}}}(window,document);\n<\/script>\n","thumbnail_url":"https:\/\/latienditadesanjose.com\/wp-content\/uploads\/2022\/03\/Cuaresma-pascua-y-pentecotes.jpg","thumbnail_width":252,"thumbnail_height":378,"description":"Creer y comprender no son cosas opuestas. Cuando creemos sentimos la necesidad de dar raz\u00f3n de nuestra fe, es decir, manifestar por qu\u00e9 creemos. Entre m\u00e1s comprendamos los fundamentos de nuestra fe, m\u00e1s capaces seremos de vivir, celebrar y testimoniar aquello que creemos.  El ciclo de la Pascua, n\u00facleo central del a\u00f1o lit\u00fargico, encierra dos de las tres grandes solemnidades: Pascua y Pentecost\u00e9s. No todos los cristianos tienen conciencia de lo que celebramos en ese ciclo.  &nbsp;"}

LA TIENDITA DE SAN JOSÉ

CUARESMA PASCUA Y PENTECOSTES - LA TIENDITA DE SAN JOSÉ

<blockquote class="wp-embedded-content" data-secret="KOze5bSLSV"><a href="https://latienditadesanjose.com/index.php/producto/cuaresma-pascua-y-pentecostes/">CUARESMA PASCUA Y PENTECOSTES</a></blockquote><iframe sandbox="allow-scripts" security="restricted" src="https://latienditadesanjose.com/index.php/producto/cuaresma-pascua-y-pentecostes/embed/#?secret=KOze5bSLSV" width="600" height="338" title="«CUARESMA PASCUA Y PENTECOSTES» — LA TIENDITA DE SAN JOSÉ" data-secret="KOze5bSLSV" frameborder="0" marginwidth="0" marginheight="0" scrolling="no" class="wp-embedded-content"></iframe><script>
/*! This file is auto-generated */
!function(c,d){"use strict";var e=!1,o=!1;if(d.querySelector)if(c.addEventListener)e=!0;if(c.wp=c.wp||{},c.wp.receiveEmbedMessage);else if(c.wp.receiveEmbedMessage=function(e){var t=e.data;if(!t);else if(!(t.secret||t.message||t.value));else if(/[^a-zA-Z0-9]/.test(t.secret));else{for(var r,s,a,i=d.querySelectorAll('iframe[data-secret="'+t.secret+'"]'),n=d.querySelectorAll('blockquote[data-secret="'+t.secret+'"]'),o=new RegExp("^https?:$","i"),l=0;l<n.length;l++)n[l].style.display="none";for(l=0;l<i.length;l++)if(r=i[l],e.source!==r.contentWindow);else{if(r.removeAttribute("style"),"height"===t.message){if(1e3<(s=parseInt(t.value,10)))s=1e3;else if(~~s<200)s=200;r.height=s}if("link"===t.message)if(s=d.createElement("a"),a=d.createElement("a"),s.href=r.getAttribute("src"),a.href=t.value,!o.test(a.protocol));else if(a.host===s.host)if(d.activeElement===r)c.top.location.href=t.value}}},e)c.addEventListener("message",c.wp.receiveEmbedMessage,!1),d.addEventListener("DOMContentLoaded",t,!1),c.addEventListener("load",t,!1);function t(){if(o);else{o=!0;for(var e,t,r,s=-1!==navigator.appVersion.indexOf("MSIE 10"),a=!!navigator.userAgent.match(/Trident.*rv:11\./),i=d.querySelectorAll("iframe.wp-embedded-content"),n=0;n<i.length;n++){if(!(r=(t=i[n]).getAttribute("data-secret")))r=Math.random().toString(36).substr(2,10),t.src+="#?secret="+r,t.setAttribute("data-secret",r);if(s||a)(e=t.cloneNode(!0)).removeAttribute("security"),t.parentNode.replaceChild(e,t);t.contentWindow.postMessage({message:"ready",secret:r},"*")}}}}(window,document);
</script>

Creer y comprender no son cosas opuestas. Cuando creemos sentimos la necesidad de dar razón de nuestra fe, es decir, manifestar por qué creemos. Entre más comprendamos los fundamentos de nuestra fe, más capaces seremos de vivir, celebrar y testimoniar aquello que creemos.  El ciclo de la Pascua, núcleo central del año litúrgico, encierra dos de las tres grandes solemnidades: Pascua y Pentecostés. No todos los cristianos tienen conciencia de lo que celebramos en ese ciclo.  &nbsp;
