{"version":"1.0","provider_name":"LA TIENDITA DE SAN JOS\u00c9","provider_url":"https:\/\/latienditadesanjose.com","author_name":"admin","author_url":"https:\/\/latienditadesanjose.com\/index.php\/author\/admin\/","title":"Angelito dormido sobre alas (Prot\u00e9geme mi \u00e1ngel) - LA TIENDITA DE SAN JOS\u00c9","type":"rich","width":600,"height":338,"html":"<blockquote class=\"wp-embedded-content\" data-secret=\"4aQWC5fzrY\"><a href=\"https:\/\/latienditadesanjose.com\/index.php\/producto\/protegeme-mi-angel\/\">Angelito dormido sobre alas (Prot\u00e9geme mi \u00e1ngel)<\/a><\/blockquote><iframe sandbox=\"allow-scripts\" security=\"restricted\" src=\"https:\/\/latienditadesanjose.com\/index.php\/producto\/protegeme-mi-angel\/embed\/#?secret=4aQWC5fzrY\" width=\"600\" height=\"338\" title=\"\u00abAngelito dormido sobre alas (Prot\u00e9geme mi \u00e1ngel)\u00bb \u2014 LA TIENDITA DE SAN JOS\u00c9\" data-secret=\"4aQWC5fzrY\" frameborder=\"0\" marginwidth=\"0\" marginheight=\"0\" scrolling=\"no\" class=\"wp-embedded-content\"><\/iframe><script>\n\/*! This file is auto-generated *\/\n!function(c,d){\"use strict\";var e=!1,o=!1;if(d.querySelector)if(c.addEventListener)e=!0;if(c.wp=c.wp||{},c.wp.receiveEmbedMessage);else if(c.wp.receiveEmbedMessage=function(e){var t=e.data;if(!t);else if(!(t.secret||t.message||t.value));else if(\/[^a-zA-Z0-9]\/.test(t.secret));else{for(var r,s,a,i=d.querySelectorAll('iframe[data-secret=\"'+t.secret+'\"]'),n=d.querySelectorAll('blockquote[data-secret=\"'+t.secret+'\"]'),o=new RegExp(\"^https?:$\",\"i\"),l=0;l<n.length;l++)n[l].style.display=\"none\";for(l=0;l<i.length;l++)if(r=i[l],e.source!==r.contentWindow);else{if(r.removeAttribute(\"style\"),\"height\"===t.message){if(1e3<(s=parseInt(t.value,10)))s=1e3;else if(~~s<200)s=200;r.height=s}if(\"link\"===t.message)if(s=d.createElement(\"a\"),a=d.createElement(\"a\"),s.href=r.getAttribute(\"src\"),a.href=t.value,!o.test(a.protocol));else if(a.host===s.host)if(d.activeElement===r)c.top.location.href=t.value}}},e)c.addEventListener(\"message\",c.wp.receiveEmbedMessage,!1),d.addEventListener(\"DOMContentLoaded\",t,!1),c.addEventListener(\"load\",t,!1);function t(){if(o);else{o=!0;for(var e,t,r,s=-1!==navigator.appVersion.indexOf(\"MSIE 10\"),a=!!navigator.userAgent.match(\/Trident.*rv:11\\.\/),i=d.querySelectorAll(\"iframe.wp-embedded-content\"),n=0;n<i.length;n++){if(!(r=(t=i[n]).getAttribute(\"data-secret\")))r=Math.random().toString(36).substr(2,10),t.src+=\"#?secret=\"+r,t.setAttribute(\"data-secret\",r);if(s||a)(e=t.cloneNode(!0)).removeAttribute(\"security\"),t.parentNode.replaceChild(e,t);t.contentWindow.postMessage({message:\"ready\",secret:r},\"*\")}}}}(window,document);\n<\/script>\n","thumbnail_url":"https:\/\/latienditadesanjose.com\/wp-content\/uploads\/2021\/04\/160036YX.jpg","thumbnail_width":1333,"thumbnail_height":2000,"description":"El Papa Juan XXIII dice que nuestra fe nos ense\u00f1a que ninguno de nosotros est\u00e1 solo, porque desde el mismo instante en que un alma es creada por Dios para un nuevo ser humano - especialmente desde que la gracia de los sacramentos lo envuelve con su luz inefable - un \u00c1ngel perteneciente a las santas falanges de los esp\u00edritus celestes, es llamado para permanecer a su lado durante todo su peregrinaje terrestre.  Excelente opci\u00f3n de regalo para un Bautismo o complemento para decorar un altar."}

LA TIENDITA DE SAN JOSÉ

Angelito dormido sobre alas (Protégeme mi ángel) - LA TIENDITA DE SAN JOSÉ

<blockquote class="wp-embedded-content" data-secret="4aQWC5fzrY"><a href="https://latienditadesanjose.com/index.php/producto/protegeme-mi-angel/">Angelito dormido sobre alas (Protégeme mi ángel)</a></blockquote><iframe sandbox="allow-scripts" security="restricted" src="https://latienditadesanjose.com/index.php/producto/protegeme-mi-angel/embed/#?secret=4aQWC5fzrY" width="600" height="338" title="«Angelito dormido sobre alas (Protégeme mi ángel)» — LA TIENDITA DE SAN JOSÉ" data-secret="4aQWC5fzrY" frameborder="0" marginwidth="0" marginheight="0" scrolling="no" class="wp-embedded-content"></iframe><script>
/*! This file is auto-generated */
!function(c,d){"use strict";var e=!1,o=!1;if(d.querySelector)if(c.addEventListener)e=!0;if(c.wp=c.wp||{},c.wp.receiveEmbedMessage);else if(c.wp.receiveEmbedMessage=function(e){var t=e.data;if(!t);else if(!(t.secret||t.message||t.value));else if(/[^a-zA-Z0-9]/.test(t.secret));else{for(var r,s,a,i=d.querySelectorAll('iframe[data-secret="'+t.secret+'"]'),n=d.querySelectorAll('blockquote[data-secret="'+t.secret+'"]'),o=new RegExp("^https?:$","i"),l=0;l<n.length;l++)n[l].style.display="none";for(l=0;l<i.length;l++)if(r=i[l],e.source!==r.contentWindow);else{if(r.removeAttribute("style"),"height"===t.message){if(1e3<(s=parseInt(t.value,10)))s=1e3;else if(~~s<200)s=200;r.height=s}if("link"===t.message)if(s=d.createElement("a"),a=d.createElement("a"),s.href=r.getAttribute("src"),a.href=t.value,!o.test(a.protocol));else if(a.host===s.host)if(d.activeElement===r)c.top.location.href=t.value}}},e)c.addEventListener("message",c.wp.receiveEmbedMessage,!1),d.addEventListener("DOMContentLoaded",t,!1),c.addEventListener("load",t,!1);function t(){if(o);else{o=!0;for(var e,t,r,s=-1!==navigator.appVersion.indexOf("MSIE 10"),a=!!navigator.userAgent.match(/Trident.*rv:11\./),i=d.querySelectorAll("iframe.wp-embedded-content"),n=0;n<i.length;n++){if(!(r=(t=i[n]).getAttribute("data-secret")))r=Math.random().toString(36).substr(2,10),t.src+="#?secret="+r,t.setAttribute("data-secret",r);if(s||a)(e=t.cloneNode(!0)).removeAttribute("security"),t.parentNode.replaceChild(e,t);t.contentWindow.postMessage({message:"ready",secret:r},"*")}}}}(window,document);
</script>

El Papa Juan XXIII dice que nuestra fe nos enseña que ninguno de nosotros está solo, porque desde el mismo instante en que un alma es creada por Dios para un nuevo ser humano - especialmente desde que la gracia de los sacramentos lo envuelve con su luz inefable - un Ángel perteneciente a las santas falanges de los espíritus celestes, es llamado para permanecer a su lado durante todo su peregrinaje terrestre.  Excelente opción de regalo para un Bautismo o complemento para decorar un altar.
