{"id":10058,"date":"2022-03-05T10:31:46","date_gmt":"2022-03-05T15:31:46","guid":{"rendered":"https:\/\/latienditadesanjose.com\/?post_type=product&#038;p=10058"},"modified":"2024-04-23T17:31:32","modified_gmt":"2024-04-23T22:31:32","slug":"la-formula-de-la-madre-teresa","status":"publish","type":"product","link":"https:\/\/latienditadesanjose.com\/index.php\/producto\/la-formula-de-la-madre-teresa\/","title":{"rendered":"LA FORMULA DE LA MADRE TERESA"},"content":{"rendered":"<p><em><strong>Autor: Paul A. Wright<\/strong><\/em><\/p>\n","protected":false},"excerpt":{"rendered":"<p>Paul A. Wright, el m\u00e9dico cardi\u00f3logo, lo ten\u00eda todo: riqueza, prestigio, una carrera satisfactoria, una familia amorosa. Sin embargo, a pesar de su \u00e9xito, se sent\u00eda vac\u00edo, deprimido, como a la deriva; deseaba fervientemente conocer el prop\u00f3sito que Dios ten\u00eda reservado para \u00e9l. Buscando direcci\u00f3n, Wright acudi\u00f3 a la Madre Teresa, la persona que \u00e9l consideraba era la experta en el ejercicio de la vida cristiana. La vida de Wright cambi\u00f3 para siempre cuando la Madre Teresa comparti\u00f3 con \u00e9l su mensaje: el prop\u00f3sito de su vida era servir a los dem\u00e1s con compasi\u00f3n. Wright nos cuenta una historia inspiradora sobre su transformaci\u00f3n, sobre el cambio dram\u00e1tico en sus valores y estilo de vida e, incluso, en el modo en el que ejerc\u00eda la medicina. Tomando prestada de la medicina una analog\u00eda, Wright dice que la Madre Teresa le dio una f\u00f3rmula. Cumplir con esta f\u00f3rmula significa acoger tanto una vida de servicio como diez actitudes espirituales que acompa\u00f1an un estilo de vida semejante: compasi\u00f3n y amor, conformidad y gratitud, honestidad, paciencia, tolerancia, perd\u00f3n, humildad, fe, compromiso con la comunidad y respeto por la vida humana. Wright discerni\u00f3 estas diez actitudes mientras observaba a la Madre Teresa en su trabajo y procuraba cambiar su propia vida.<\/p>\n","protected":false},"featured_media":10027,"comment_status":"open","ping_status":"closed","template":"","meta":{"_editorskit_title_hidden":false,"_editorskit_reading_time":0,"kt_blocks_editor_width":"","_kad_post_transparent":"default","_kad_post_title":"","_kad_post_layout":"default","_kad_post_sidebar_id":"","_kad_post_content_style":"default","_kad_post_vertical_padding":"default","_kad_post_feature":"","_kad_post_feature_position":"","_kad_post_header":false,"_kad_post_footer":false},"yoast_head":"<!-- This site is optimized with the Yoast SEO plugin v22.6 - https:\/\/yoast.com\/wordpress\/plugins\/seo\/ -->\n<title>LA FORMULA DE LA MADRE TERESA - LA TIENDITA DE SAN JOS\u00c9<\/title>\n<meta name=\"robots\" content=\"index, follow, max-snippet:-1, max-image-preview:large, max-video-preview:-1\" \/>\n<link rel=\"canonical\" href=\"https:\/\/latienditadesanjose.com\/index.php\/producto\/la-formula-de-la-madre-teresa\/\" \/>\n<meta property=\"og:locale\" content=\"es_ES\" \/>\n<meta property=\"og:type\" content=\"article\" \/>\n<meta property=\"og:title\" content=\"LA FORMULA DE LA MADRE TERESA - LA TIENDITA DE SAN JOS\u00c9\" \/>\n<meta property=\"og:description\" content=\"Paul A. Wright, el m\u00e9dico cardi\u00f3logo, lo ten\u00eda todo: riqueza, prestigio, una carrera satisfactoria, una familia amorosa. Sin embargo, a pesar de su \u00e9xito, se sent\u00eda vac\u00edo, deprimido, como a la deriva; deseaba fervientemente conocer el prop\u00f3sito que Dios ten\u00eda reservado para \u00e9l. Buscando direcci\u00f3n, Wright acudi\u00f3 a la Madre Teresa, la persona que \u00e9l consideraba era la experta en el ejercicio de la vida cristiana. La vida de Wright cambi\u00f3 para siempre cuando la Madre Teresa comparti\u00f3 con \u00e9l su mensaje: el prop\u00f3sito de su vida era servir a los dem\u00e1s con compasi\u00f3n. Wright nos cuenta una historia inspiradora sobre su transformaci\u00f3n, sobre el cambio dram\u00e1tico en sus valores y estilo de vida e, incluso, en el modo en el que ejerc\u00eda la medicina. Tomando prestada de la medicina una analog\u00eda, Wright dice que la Madre Teresa le dio una f\u00f3rmula. Cumplir con esta f\u00f3rmula significa acoger tanto una vida de servicio como diez actitudes espirituales que acompa\u00f1an un estilo de vida semejante: compasi\u00f3n y amor, conformidad y gratitud, honestidad, paciencia, tolerancia, perd\u00f3n, humildad, fe, compromiso con la comunidad y respeto por la vida humana. Wright discerni\u00f3 estas diez actitudes mientras observaba a la Madre Teresa en su trabajo y procuraba cambiar su propia vida.\" \/>\n<meta property=\"og:url\" content=\"https:\/\/latienditadesanjose.com\/index.php\/producto\/la-formula-de-la-madre-teresa\/\" \/>\n<meta property=\"og:site_name\" content=\"LA TIENDITA DE SAN JOS\u00c9\" \/>\n<meta property=\"article:modified_time\" content=\"2024-04-23T22:31:32+00:00\" \/>\n<meta property=\"og:image\" content=\"https:\/\/latienditadesanjose.com\/wp-content\/uploads\/2022\/03\/17.jpg\" \/>\n\t<meta property=\"og:image:width\" content=\"275\" \/>\n\t<meta property=\"og:image:height\" content=\"370\" \/>\n\t<meta property=\"og:image:type\" content=\"image\/jpeg\" \/>\n<meta name=\"twitter:card\" content=\"summary_large_image\" \/>\n<meta name=\"twitter:label1\" content=\"Tiempo de lectura\" \/>\n\t<meta name=\"twitter:data1\" content=\"1 minuto\" \/>\n<script type=\"application\/ld+json\" class=\"yoast-schema-graph\">{\"@context\":\"https:\/\/schema.org\",\"@graph\":[{\"@type\":\"WebPage\",\"@id\":\"https:\/\/latienditadesanjose.com\/index.php\/producto\/la-formula-de-la-madre-teresa\/\",\"url\":\"https:\/\/latienditadesanjose.com\/index.php\/producto\/la-formula-de-la-madre-teresa\/\",\"name\":\"LA FORMULA DE LA MADRE TERESA - LA TIENDITA DE SAN JOS\u00c9\",\"isPartOf\":{\"@id\":\"https:\/\/latienditadesanjose.com\/#website\"},\"primaryImageOfPage\":{\"@id\":\"https:\/\/latienditadesanjose.com\/index.php\/producto\/la-formula-de-la-madre-teresa\/#primaryimage\"},\"image\":{\"@id\":\"https:\/\/latienditadesanjose.com\/index.php\/producto\/la-formula-de-la-madre-teresa\/#primaryimage\"},\"thumbnailUrl\":\"https:\/\/latienditadesanjose.com\/wp-content\/uploads\/2022\/03\/17.jpg\",\"datePublished\":\"2022-03-05T15:31:46+00:00\",\"dateModified\":\"2024-04-23T22:31:32+00:00\",\"breadcrumb\":{\"@id\":\"https:\/\/latienditadesanjose.com\/index.php\/producto\/la-formula-de-la-madre-teresa\/#breadcrumb\"},\"inLanguage\":\"es\",\"potentialAction\":[{\"@type\":\"ReadAction\",\"target\":[\"https:\/\/latienditadesanjose.com\/index.php\/producto\/la-formula-de-la-madre-teresa\/\"]}]},{\"@type\":\"ImageObject\",\"inLanguage\":\"es\",\"@id\":\"https:\/\/latienditadesanjose.com\/index.php\/producto\/la-formula-de-la-madre-teresa\/#primaryimage\",\"url\":\"https:\/\/latienditadesanjose.com\/wp-content\/uploads\/2022\/03\/17.jpg\",\"contentUrl\":\"https:\/\/latienditadesanjose.com\/wp-content\/uploads\/2022\/03\/17.jpg\",\"width\":275,\"height\":370},{\"@type\":\"BreadcrumbList\",\"@id\":\"https:\/\/latienditadesanjose.com\/index.php\/producto\/la-formula-de-la-madre-teresa\/#breadcrumb\",\"itemListElement\":[{\"@type\":\"ListItem\",\"position\":1,\"name\":\"Portada\",\"item\":\"https:\/\/latienditadesanjose.com\/\"},{\"@type\":\"ListItem\",\"position\":2,\"name\":\"Tienda\",\"item\":\"https:\/\/latienditadesanjose.com\/index.php\/shop\/\"},{\"@type\":\"ListItem\",\"position\":3,\"name\":\"LA FORMULA DE LA MADRE TERESA\"}]},{\"@type\":\"WebSite\",\"@id\":\"https:\/\/latienditadesanjose.com\/#website\",\"url\":\"https:\/\/latienditadesanjose.com\/\",\"name\":\"LA TIENDITA DE SAN JOS\u00c9\",\"description\":\"Tienda cat\u00f3lica online\",\"publisher\":{\"@id\":\"https:\/\/latienditadesanjose.com\/#organization\"},\"potentialAction\":[{\"@type\":\"SearchAction\",\"target\":{\"@type\":\"EntryPoint\",\"urlTemplate\":\"https:\/\/latienditadesanjose.com\/?s={search_term_string}\"},\"query-input\":\"required name=search_term_string\"}],\"inLanguage\":\"es\"},{\"@type\":\"Organization\",\"@id\":\"https:\/\/latienditadesanjose.com\/#organization\",\"name\":\"La tiendita San Jos\u00e9\",\"url\":\"https:\/\/latienditadesanjose.com\/\",\"logo\":{\"@type\":\"ImageObject\",\"inLanguage\":\"es\",\"@id\":\"https:\/\/latienditadesanjose.com\/#\/schema\/logo\/image\/\",\"url\":\"https:\/\/latienditadesanjose.com\/wp-content\/uploads\/2024\/03\/cropped-LOGO.png\",\"contentUrl\":\"https:\/\/latienditadesanjose.com\/wp-content\/uploads\/2024\/03\/cropped-LOGO.png\",\"width\":694,\"height\":254,\"caption\":\"La tiendita San Jos\u00e9\"},\"image\":{\"@id\":\"https:\/\/latienditadesanjose.com\/#\/schema\/logo\/image\/\"}}]}<\/script>\n<!-- \/ Yoast SEO plugin. -->","yoast_head_json":{"title":"LA FORMULA DE LA MADRE TERESA - LA TIENDITA DE SAN JOS\u00c9","robots":{"index":"index","follow":"follow","max-snippet":"max-snippet:-1","max-image-preview":"max-image-preview:large","max-video-preview":"max-video-preview:-1"},"canonical":"https:\/\/latienditadesanjose.com\/index.php\/producto\/la-formula-de-la-madre-teresa\/","og_locale":"es_ES","og_type":"article","og_title":"LA FORMULA DE LA MADRE TERESA - LA TIENDITA DE SAN JOS\u00c9","og_description":"Paul A. Wright, el m\u00e9dico cardi\u00f3logo, lo ten\u00eda todo: riqueza, prestigio, una carrera satisfactoria, una familia amorosa. Sin embargo, a pesar de su \u00e9xito, se sent\u00eda vac\u00edo, deprimido, como a la deriva; deseaba fervientemente conocer el prop\u00f3sito que Dios ten\u00eda reservado para \u00e9l. Buscando direcci\u00f3n, Wright acudi\u00f3 a la Madre Teresa, la persona que \u00e9l consideraba era la experta en el ejercicio de la vida cristiana. La vida de Wright cambi\u00f3 para siempre cuando la Madre Teresa comparti\u00f3 con \u00e9l su mensaje: el prop\u00f3sito de su vida era servir a los dem\u00e1s con compasi\u00f3n. Wright nos cuenta una historia inspiradora sobre su transformaci\u00f3n, sobre el cambio dram\u00e1tico en sus valores y estilo de vida e, incluso, en el modo en el que ejerc\u00eda la medicina. Tomando prestada de la medicina una analog\u00eda, Wright dice que la Madre Teresa le dio una f\u00f3rmula. Cumplir con esta f\u00f3rmula significa acoger tanto una vida de servicio como diez actitudes espirituales que acompa\u00f1an un estilo de vida semejante: compasi\u00f3n y amor, conformidad y gratitud, honestidad, paciencia, tolerancia, perd\u00f3n, humildad, fe, compromiso con la comunidad y respeto por la vida humana. Wright discerni\u00f3 estas diez actitudes mientras observaba a la Madre Teresa en su trabajo y procuraba cambiar su propia vida.","og_url":"https:\/\/latienditadesanjose.com\/index.php\/producto\/la-formula-de-la-madre-teresa\/","og_site_name":"LA TIENDITA DE SAN JOS\u00c9","article_modified_time":"2024-04-23T22:31:32+00:00","og_image":[{"width":275,"height":370,"url":"https:\/\/latienditadesanjose.com\/wp-content\/uploads\/2022\/03\/17.jpg","type":"image\/jpeg"}],"twitter_card":"summary_large_image","twitter_misc":{"Tiempo de lectura":"1 minuto"},"schema":{"@context":"https:\/\/schema.org","@graph":[{"@type":"WebPage","@id":"https:\/\/latienditadesanjose.com\/index.php\/producto\/la-formula-de-la-madre-teresa\/","url":"https:\/\/latienditadesanjose.com\/index.php\/producto\/la-formula-de-la-madre-teresa\/","name":"LA FORMULA DE LA MADRE TERESA - LA TIENDITA DE SAN JOS\u00c9","isPartOf":{"@id":"https:\/\/latienditadesanjose.com\/#website"},"primaryImageOfPage":{"@id":"https:\/\/latienditadesanjose.com\/index.php\/producto\/la-formula-de-la-madre-teresa\/#primaryimage"},"image":{"@id":"https:\/\/latienditadesanjose.com\/index.php\/producto\/la-formula-de-la-madre-teresa\/#primaryimage"},"thumbnailUrl":"https:\/\/latienditadesanjose.com\/wp-content\/uploads\/2022\/03\/17.jpg","datePublished":"2022-03-05T15:31:46+00:00","dateModified":"2024-04-23T22:31:32+00:00","breadcrumb":{"@id":"https:\/\/latienditadesanjose.com\/index.php\/producto\/la-formula-de-la-madre-teresa\/#breadcrumb"},"inLanguage":"es","potentialAction":[{"@type":"ReadAction","target":["https:\/\/latienditadesanjose.com\/index.php\/producto\/la-formula-de-la-madre-teresa\/"]}]},{"@type":"ImageObject","inLanguage":"es","@id":"https:\/\/latienditadesanjose.com\/index.php\/producto\/la-formula-de-la-madre-teresa\/#primaryimage","url":"https:\/\/latienditadesanjose.com\/wp-content\/uploads\/2022\/03\/17.jpg","contentUrl":"https:\/\/latienditadesanjose.com\/wp-content\/uploads\/2022\/03\/17.jpg","width":275,"height":370},{"@type":"BreadcrumbList","@id":"https:\/\/latienditadesanjose.com\/index.php\/producto\/la-formula-de-la-madre-teresa\/#breadcrumb","itemListElement":[{"@type":"ListItem","position":1,"name":"Portada","item":"https:\/\/latienditadesanjose.com\/"},{"@type":"ListItem","position":2,"name":"Tienda","item":"https:\/\/latienditadesanjose.com\/index.php\/shop\/"},{"@type":"ListItem","position":3,"name":"LA FORMULA DE LA MADRE TERESA"}]},{"@type":"WebSite","@id":"https:\/\/latienditadesanjose.com\/#website","url":"https:\/\/latienditadesanjose.com\/","name":"LA TIENDITA DE SAN JOS\u00c9","description":"Tienda cat\u00f3lica online","publisher":{"@id":"https:\/\/latienditadesanjose.com\/#organization"},"potentialAction":[{"@type":"SearchAction","target":{"@type":"EntryPoint","urlTemplate":"https:\/\/latienditadesanjose.com\/?s={search_term_string}"},"query-input":"required name=search_term_string"}],"inLanguage":"es"},{"@type":"Organization","@id":"https:\/\/latienditadesanjose.com\/#organization","name":"La tiendita San Jos\u00e9","url":"https:\/\/latienditadesanjose.com\/","logo":{"@type":"ImageObject","inLanguage":"es","@id":"https:\/\/latienditadesanjose.com\/#\/schema\/logo\/image\/","url":"https:\/\/latienditadesanjose.com\/wp-content\/uploads\/2024\/03\/cropped-LOGO.png","contentUrl":"https:\/\/latienditadesanjose.com\/wp-content\/uploads\/2024\/03\/cropped-LOGO.png","width":694,"height":254,"caption":"La tiendita San Jos\u00e9"},"image":{"@id":"https:\/\/latienditadesanjose.com\/#\/schema\/logo\/image\/"}}]}},"_links":{"self":[{"href":"https:\/\/latienditadesanjose.com\/index.php\/wp-json\/wp\/v2\/product\/10058"}],"collection":[{"href":"https:\/\/latienditadesanjose.com\/index.php\/wp-json\/wp\/v2\/product"}],"about":[{"href":"https:\/\/latienditadesanjose.com\/index.php\/wp-json\/wp\/v2\/types\/product"}],"replies":[{"embeddable":true,"href":"https:\/\/latienditadesanjose.com\/index.php\/wp-json\/wp\/v2\/comments?post=10058"}],"wp:featuredmedia":[{"embeddable":true,"href":"https:\/\/latienditadesanjose.com\/index.php\/wp-json\/wp\/v2\/media\/10027"}],"wp:attachment":[{"href":"https:\/\/latienditadesanjose.com\/index.php\/wp-json\/wp\/v2\/media?parent=10058"}],"curies":[{"name":"wp","href":"https:\/\/api.w.org\/{rel}","templated":true}]}}