{"id":11006,"date":"2024-03-26T12:04:08","date_gmt":"2024-03-26T17:04:08","guid":{"rendered":"https:\/\/latienditadesanjose.com\/?post_type=product&#038;p=11006"},"modified":"2024-04-23T17:09:03","modified_gmt":"2024-04-23T22:09:03","slug":"clara-de-asis-biografia","status":"publish","type":"product","link":"https:\/\/latienditadesanjose.com\/index.php\/producto\/clara-de-asis-biografia\/","title":{"rendered":"CLARA DE ASIS BIOGRAFIA"},"content":{"rendered":"<p><em><strong>Autor:<\/strong> <\/em>GIANLUIGI PASQUALE<\/p>\n","protected":false},"excerpt":{"rendered":"<p>Gianluigi Pasquale nos ofrece un retrato profundo y conmovedor de una de las figuras m\u00e1s destacadas de la historia religiosa: Santa Clara de As\u00eds. A trav\u00e9s de una narrativa cuidadosamente elaborada y llena de detalles hist\u00f3ricos, Pasquale nos sumerge en la vida extraordinaria de esta mujer santa y visionaria.<\/p>\n<p>Desde sus humildes comienzos como hija de una familia noble hasta su consagraci\u00f3n como fundadora de la Orden de las Clarisas, Clara de As\u00eds es presentada como un modelo de fe, valent\u00eda y devoci\u00f3n. Pasquale nos lleva en un viaje emocionante a trav\u00e9s de los desaf\u00edos y triunfos de Clara, destacando su profundo compromiso con la pobreza, la oraci\u00f3n y el servicio a los dem\u00e1s.<\/p>\n<p>Es una lectura cautivadora que ilumina no solo la vida de su protagonista, sino tambi\u00e9n el contexto hist\u00f3rico y religioso en el que vivi\u00f3. Es un tributo conmovedor a una mujer cuyo legado perdura hasta nuestros d\u00edas, record\u00e1ndonos el poder transformador de la fe y la entrega total a la voluntad de Dios.<\/p>\n","protected":false},"featured_media":11007,"comment_status":"open","ping_status":"closed","template":"","meta":{"_editorskit_title_hidden":false,"_editorskit_reading_time":0,"kt_blocks_editor_width":"","_kad_post_transparent":"default","_kad_post_title":"","_kad_post_layout":"default","_kad_post_sidebar_id":"","_kad_post_content_style":"default","_kad_post_vertical_padding":"default","_kad_post_feature":"","_kad_post_feature_position":"","_kad_post_header":false,"_kad_post_footer":false},"yoast_head":"<!-- This site is optimized with the Yoast SEO plugin v22.6 - https:\/\/yoast.com\/wordpress\/plugins\/seo\/ -->\n<title>CLARA DE ASIS BIOGRAFIA - LA TIENDITA DE SAN JOS\u00c9<\/title>\n<meta name=\"robots\" content=\"index, follow, max-snippet:-1, max-image-preview:large, max-video-preview:-1\" \/>\n<link rel=\"canonical\" href=\"https:\/\/latienditadesanjose.com\/index.php\/producto\/clara-de-asis-biografia\/\" \/>\n<meta property=\"og:locale\" content=\"es_ES\" \/>\n<meta property=\"og:type\" content=\"article\" \/>\n<meta property=\"og:title\" content=\"CLARA DE ASIS BIOGRAFIA - LA TIENDITA DE SAN JOS\u00c9\" \/>\n<meta property=\"og:description\" content=\"Gianluigi Pasquale nos ofrece un retrato profundo y conmovedor de una de las figuras m\u00e1s destacadas de la historia religiosa: Santa Clara de As\u00eds. A trav\u00e9s de una narrativa cuidadosamente elaborada y llena de detalles hist\u00f3ricos, Pasquale nos sumerge en la vida extraordinaria de esta mujer santa y visionaria.  Desde sus humildes comienzos como hija de una familia noble hasta su consagraci\u00f3n como fundadora de la Orden de las Clarisas, Clara de As\u00eds es presentada como un modelo de fe, valent\u00eda y devoci\u00f3n. Pasquale nos lleva en un viaje emocionante a trav\u00e9s de los desaf\u00edos y triunfos de Clara, destacando su profundo compromiso con la pobreza, la oraci\u00f3n y el servicio a los dem\u00e1s.  Es una lectura cautivadora que ilumina no solo la vida de su protagonista, sino tambi\u00e9n el contexto hist\u00f3rico y religioso en el que vivi\u00f3. Es un tributo conmovedor a una mujer cuyo legado perdura hasta nuestros d\u00edas, record\u00e1ndonos el poder transformador de la fe y la entrega total a la voluntad de Dios.\" \/>\n<meta property=\"og:url\" content=\"https:\/\/latienditadesanjose.com\/index.php\/producto\/clara-de-asis-biografia\/\" \/>\n<meta property=\"og:site_name\" content=\"LA TIENDITA DE SAN JOS\u00c9\" \/>\n<meta property=\"article:modified_time\" content=\"2024-04-23T22:09:03+00:00\" \/>\n<meta property=\"og:image\" content=\"https:\/\/latienditadesanjose.com\/wp-content\/uploads\/2024\/03\/CLARA-DE-ASIS-BIOGRAFIA_GIANLUIGI-PASQUALE-13.40.jpg\" \/>\n\t<meta property=\"og:image:width\" content=\"541\" \/>\n\t<meta property=\"og:image:height\" content=\"797\" \/>\n\t<meta property=\"og:image:type\" content=\"image\/jpeg\" \/>\n<meta name=\"twitter:card\" content=\"summary_large_image\" \/>\n<script type=\"application\/ld+json\" class=\"yoast-schema-graph\">{\"@context\":\"https:\/\/schema.org\",\"@graph\":[{\"@type\":\"WebPage\",\"@id\":\"https:\/\/latienditadesanjose.com\/index.php\/producto\/clara-de-asis-biografia\/\",\"url\":\"https:\/\/latienditadesanjose.com\/index.php\/producto\/clara-de-asis-biografia\/\",\"name\":\"CLARA DE ASIS BIOGRAFIA - LA TIENDITA DE SAN JOS\u00c9\",\"isPartOf\":{\"@id\":\"https:\/\/latienditadesanjose.com\/#website\"},\"primaryImageOfPage\":{\"@id\":\"https:\/\/latienditadesanjose.com\/index.php\/producto\/clara-de-asis-biografia\/#primaryimage\"},\"image\":{\"@id\":\"https:\/\/latienditadesanjose.com\/index.php\/producto\/clara-de-asis-biografia\/#primaryimage\"},\"thumbnailUrl\":\"https:\/\/latienditadesanjose.com\/wp-content\/uploads\/2024\/03\/CLARA-DE-ASIS-BIOGRAFIA_GIANLUIGI-PASQUALE-13.40.jpg\",\"datePublished\":\"2024-03-26T17:04:08+00:00\",\"dateModified\":\"2024-04-23T22:09:03+00:00\",\"breadcrumb\":{\"@id\":\"https:\/\/latienditadesanjose.com\/index.php\/producto\/clara-de-asis-biografia\/#breadcrumb\"},\"inLanguage\":\"es\",\"potentialAction\":[{\"@type\":\"ReadAction\",\"target\":[\"https:\/\/latienditadesanjose.com\/index.php\/producto\/clara-de-asis-biografia\/\"]}]},{\"@type\":\"ImageObject\",\"inLanguage\":\"es\",\"@id\":\"https:\/\/latienditadesanjose.com\/index.php\/producto\/clara-de-asis-biografia\/#primaryimage\",\"url\":\"https:\/\/latienditadesanjose.com\/wp-content\/uploads\/2024\/03\/CLARA-DE-ASIS-BIOGRAFIA_GIANLUIGI-PASQUALE-13.40.jpg\",\"contentUrl\":\"https:\/\/latienditadesanjose.com\/wp-content\/uploads\/2024\/03\/CLARA-DE-ASIS-BIOGRAFIA_GIANLUIGI-PASQUALE-13.40.jpg\",\"width\":541,\"height\":797},{\"@type\":\"BreadcrumbList\",\"@id\":\"https:\/\/latienditadesanjose.com\/index.php\/producto\/clara-de-asis-biografia\/#breadcrumb\",\"itemListElement\":[{\"@type\":\"ListItem\",\"position\":1,\"name\":\"Portada\",\"item\":\"https:\/\/latienditadesanjose.com\/\"},{\"@type\":\"ListItem\",\"position\":2,\"name\":\"Tienda\",\"item\":\"https:\/\/latienditadesanjose.com\/index.php\/shop\/\"},{\"@type\":\"ListItem\",\"position\":3,\"name\":\"CLARA DE ASIS BIOGRAFIA\"}]},{\"@type\":\"WebSite\",\"@id\":\"https:\/\/latienditadesanjose.com\/#website\",\"url\":\"https:\/\/latienditadesanjose.com\/\",\"name\":\"LA TIENDITA DE SAN JOS\u00c9\",\"description\":\"Tienda cat\u00f3lica online\",\"publisher\":{\"@id\":\"https:\/\/latienditadesanjose.com\/#organization\"},\"potentialAction\":[{\"@type\":\"SearchAction\",\"target\":{\"@type\":\"EntryPoint\",\"urlTemplate\":\"https:\/\/latienditadesanjose.com\/?s={search_term_string}\"},\"query-input\":\"required name=search_term_string\"}],\"inLanguage\":\"es\"},{\"@type\":\"Organization\",\"@id\":\"https:\/\/latienditadesanjose.com\/#organization\",\"name\":\"La tiendita San Jos\u00e9\",\"url\":\"https:\/\/latienditadesanjose.com\/\",\"logo\":{\"@type\":\"ImageObject\",\"inLanguage\":\"es\",\"@id\":\"https:\/\/latienditadesanjose.com\/#\/schema\/logo\/image\/\",\"url\":\"https:\/\/latienditadesanjose.com\/wp-content\/uploads\/2024\/03\/cropped-LOGO.png\",\"contentUrl\":\"https:\/\/latienditadesanjose.com\/wp-content\/uploads\/2024\/03\/cropped-LOGO.png\",\"width\":694,\"height\":254,\"caption\":\"La tiendita San Jos\u00e9\"},\"image\":{\"@id\":\"https:\/\/latienditadesanjose.com\/#\/schema\/logo\/image\/\"}}]}<\/script>\n<!-- \/ Yoast SEO plugin. -->","yoast_head_json":{"title":"CLARA DE ASIS BIOGRAFIA - LA TIENDITA DE SAN JOS\u00c9","robots":{"index":"index","follow":"follow","max-snippet":"max-snippet:-1","max-image-preview":"max-image-preview:large","max-video-preview":"max-video-preview:-1"},"canonical":"https:\/\/latienditadesanjose.com\/index.php\/producto\/clara-de-asis-biografia\/","og_locale":"es_ES","og_type":"article","og_title":"CLARA DE ASIS BIOGRAFIA - LA TIENDITA DE SAN JOS\u00c9","og_description":"Gianluigi Pasquale nos ofrece un retrato profundo y conmovedor de una de las figuras m\u00e1s destacadas de la historia religiosa: Santa Clara de As\u00eds. A trav\u00e9s de una narrativa cuidadosamente elaborada y llena de detalles hist\u00f3ricos, Pasquale nos sumerge en la vida extraordinaria de esta mujer santa y visionaria.  Desde sus humildes comienzos como hija de una familia noble hasta su consagraci\u00f3n como fundadora de la Orden de las Clarisas, Clara de As\u00eds es presentada como un modelo de fe, valent\u00eda y devoci\u00f3n. Pasquale nos lleva en un viaje emocionante a trav\u00e9s de los desaf\u00edos y triunfos de Clara, destacando su profundo compromiso con la pobreza, la oraci\u00f3n y el servicio a los dem\u00e1s.  Es una lectura cautivadora que ilumina no solo la vida de su protagonista, sino tambi\u00e9n el contexto hist\u00f3rico y religioso en el que vivi\u00f3. Es un tributo conmovedor a una mujer cuyo legado perdura hasta nuestros d\u00edas, record\u00e1ndonos el poder transformador de la fe y la entrega total a la voluntad de Dios.","og_url":"https:\/\/latienditadesanjose.com\/index.php\/producto\/clara-de-asis-biografia\/","og_site_name":"LA TIENDITA DE SAN JOS\u00c9","article_modified_time":"2024-04-23T22:09:03+00:00","og_image":[{"width":541,"height":797,"url":"https:\/\/latienditadesanjose.com\/wp-content\/uploads\/2024\/03\/CLARA-DE-ASIS-BIOGRAFIA_GIANLUIGI-PASQUALE-13.40.jpg","type":"image\/jpeg"}],"twitter_card":"summary_large_image","schema":{"@context":"https:\/\/schema.org","@graph":[{"@type":"WebPage","@id":"https:\/\/latienditadesanjose.com\/index.php\/producto\/clara-de-asis-biografia\/","url":"https:\/\/latienditadesanjose.com\/index.php\/producto\/clara-de-asis-biografia\/","name":"CLARA DE ASIS BIOGRAFIA - LA TIENDITA DE SAN JOS\u00c9","isPartOf":{"@id":"https:\/\/latienditadesanjose.com\/#website"},"primaryImageOfPage":{"@id":"https:\/\/latienditadesanjose.com\/index.php\/producto\/clara-de-asis-biografia\/#primaryimage"},"image":{"@id":"https:\/\/latienditadesanjose.com\/index.php\/producto\/clara-de-asis-biografia\/#primaryimage"},"thumbnailUrl":"https:\/\/latienditadesanjose.com\/wp-content\/uploads\/2024\/03\/CLARA-DE-ASIS-BIOGRAFIA_GIANLUIGI-PASQUALE-13.40.jpg","datePublished":"2024-03-26T17:04:08+00:00","dateModified":"2024-04-23T22:09:03+00:00","breadcrumb":{"@id":"https:\/\/latienditadesanjose.com\/index.php\/producto\/clara-de-asis-biografia\/#breadcrumb"},"inLanguage":"es","potentialAction":[{"@type":"ReadAction","target":["https:\/\/latienditadesanjose.com\/index.php\/producto\/clara-de-asis-biografia\/"]}]},{"@type":"ImageObject","inLanguage":"es","@id":"https:\/\/latienditadesanjose.com\/index.php\/producto\/clara-de-asis-biografia\/#primaryimage","url":"https:\/\/latienditadesanjose.com\/wp-content\/uploads\/2024\/03\/CLARA-DE-ASIS-BIOGRAFIA_GIANLUIGI-PASQUALE-13.40.jpg","contentUrl":"https:\/\/latienditadesanjose.com\/wp-content\/uploads\/2024\/03\/CLARA-DE-ASIS-BIOGRAFIA_GIANLUIGI-PASQUALE-13.40.jpg","width":541,"height":797},{"@type":"BreadcrumbList","@id":"https:\/\/latienditadesanjose.com\/index.php\/producto\/clara-de-asis-biografia\/#breadcrumb","itemListElement":[{"@type":"ListItem","position":1,"name":"Portada","item":"https:\/\/latienditadesanjose.com\/"},{"@type":"ListItem","position":2,"name":"Tienda","item":"https:\/\/latienditadesanjose.com\/index.php\/shop\/"},{"@type":"ListItem","position":3,"name":"CLARA DE ASIS BIOGRAFIA"}]},{"@type":"WebSite","@id":"https:\/\/latienditadesanjose.com\/#website","url":"https:\/\/latienditadesanjose.com\/","name":"LA TIENDITA DE SAN JOS\u00c9","description":"Tienda cat\u00f3lica online","publisher":{"@id":"https:\/\/latienditadesanjose.com\/#organization"},"potentialAction":[{"@type":"SearchAction","target":{"@type":"EntryPoint","urlTemplate":"https:\/\/latienditadesanjose.com\/?s={search_term_string}"},"query-input":"required name=search_term_string"}],"inLanguage":"es"},{"@type":"Organization","@id":"https:\/\/latienditadesanjose.com\/#organization","name":"La tiendita San Jos\u00e9","url":"https:\/\/latienditadesanjose.com\/","logo":{"@type":"ImageObject","inLanguage":"es","@id":"https:\/\/latienditadesanjose.com\/#\/schema\/logo\/image\/","url":"https:\/\/latienditadesanjose.com\/wp-content\/uploads\/2024\/03\/cropped-LOGO.png","contentUrl":"https:\/\/latienditadesanjose.com\/wp-content\/uploads\/2024\/03\/cropped-LOGO.png","width":694,"height":254,"caption":"La tiendita San Jos\u00e9"},"image":{"@id":"https:\/\/latienditadesanjose.com\/#\/schema\/logo\/image\/"}}]}},"_links":{"self":[{"href":"https:\/\/latienditadesanjose.com\/index.php\/wp-json\/wp\/v2\/product\/11006"}],"collection":[{"href":"https:\/\/latienditadesanjose.com\/index.php\/wp-json\/wp\/v2\/product"}],"about":[{"href":"https:\/\/latienditadesanjose.com\/index.php\/wp-json\/wp\/v2\/types\/product"}],"replies":[{"embeddable":true,"href":"https:\/\/latienditadesanjose.com\/index.php\/wp-json\/wp\/v2\/comments?post=11006"}],"wp:featuredmedia":[{"embeddable":true,"href":"https:\/\/latienditadesanjose.com\/index.php\/wp-json\/wp\/v2\/media\/11007"}],"wp:attachment":[{"href":"https:\/\/latienditadesanjose.com\/index.php\/wp-json\/wp\/v2\/media?parent=11006"}],"curies":[{"name":"wp","href":"https:\/\/api.w.org\/{rel}","templated":true}]}}

<p>Gianluigi Pasquale nos ofrece un retrato profundo y conmovedor de una de las figuras más destacadas de la historia religiosa: Santa Clara de Asís. A través de una narrativa cuidadosamente elaborada y llena de detalles históricos, Pasquale nos sumerge en la vida extraordinaria de esta mujer santa y visionaria.</p>
<p>Desde sus humildes comienzos como hija de una familia noble hasta su consagración como fundadora de la Orden de las Clarisas, Clara de Asís es presentada como un modelo de fe, valentía y devoción. Pasquale nos lleva en un viaje emocionante a través de los desafíos y triunfos de Clara, destacando su profundo compromiso con la pobreza, la oración y el servicio a los demás.</p>
<p>Es una lectura cautivadora que ilumina no solo la vida de su protagonista, sino también el contexto histórico y religioso en el que vivió. Es un tributo conmovedor a una mujer cuyo legado perdura hasta nuestros días, recordándonos el poder transformador de la fe y la entrega total a la voluntad de Dios.</p>

<!-- This site is optimized with the Yoast SEO plugin v22.6 - https://yoast.com/wordpress/plugins/seo/ -->
<title>CLARA DE ASIS BIOGRAFIA - LA TIENDITA DE SAN JOSÉ</title>
<meta name="robots" content="index, follow, max-snippet:-1, max-image-preview:large, max-video-preview:-1" />
<link rel="canonical" href="https://latienditadesanjose.com/index.php/producto/clara-de-asis-biografia/" />
<meta property="og:locale" content="es_ES" />
<meta property="og:type" content="article" />
<meta property="og:title" content="CLARA DE ASIS BIOGRAFIA - LA TIENDITA DE SAN JOSÉ" />
<meta property="og:description" content="Gianluigi Pasquale nos ofrece un retrato profundo y conmovedor de una de las figuras más destacadas de la historia religiosa: Santa Clara de Asís. A través de una narrativa cuidadosamente elaborada y llena de detalles históricos, Pasquale nos sumerge en la vida extraordinaria de esta mujer santa y visionaria.  Desde sus humildes comienzos como hija de una familia noble hasta su consagración como fundadora de la Orden de las Clarisas, Clara de Asís es presentada como un modelo de fe, valentía y devoción. Pasquale nos lleva en un viaje emocionante a través de los desafíos y triunfos de Clara, destacando su profundo compromiso con la pobreza, la oración y el servicio a los demás.  Es una lectura cautivadora que ilumina no solo la vida de su protagonista, sino también el contexto histórico y religioso en el que vivió. Es un tributo conmovedor a una mujer cuyo legado perdura hasta nuestros días, recordándonos el poder transformador de la fe y la entrega total a la voluntad de Dios." />
<meta property="og:url" content="https://latienditadesanjose.com/index.php/producto/clara-de-asis-biografia/" />
<meta property="og:site_name" content="LA TIENDITA DE SAN JOSÉ" />
<meta property="article:modified_time" content="2024-04-23T22:09:03+00:00" />
<meta property="og:image" content="https://latienditadesanjose.com/wp-content/uploads/2024/03/CLARA-DE-ASIS-BIOGRAFIA_GIANLUIGI-PASQUALE-13.40.jpg" />
	<meta property="og:image:width" content="541" />
	<meta property="og:image:height" content="797" />
	<meta property="og:image:type" content="image/jpeg" />
<meta name="twitter:card" content="summary_large_image" />
<script type="application/ld+json" class="yoast-schema-graph">{"@context":"https://schema.org","@graph":[{"@type":"WebPage","@id":"https://latienditadesanjose.com/index.php/producto/clara-de-asis-biografia/","url":"https://latienditadesanjose.com/index.php/producto/clara-de-asis-biografia/","name":"CLARA DE ASIS BIOGRAFIA - LA TIENDITA DE SAN JOSÉ","isPartOf":{"@id":"https://latienditadesanjose.com/#website"},"primaryImageOfPage":{"@id":"https://latienditadesanjose.com/index.php/producto/clara-de-asis-biografia/#primaryimage"},"image":{"@id":"https://latienditadesanjose.com/index.php/producto/clara-de-asis-biografia/#primaryimage"},"thumbnailUrl":"https://latienditadesanjose.com/wp-content/uploads/2024/03/CLARA-DE-ASIS-BIOGRAFIA_GIANLUIGI-PASQUALE-13.40.jpg","datePublished":"2024-03-26T17:04:08+00:00","dateModified":"2024-04-23T22:09:03+00:00","breadcrumb":{"@id":"https://latienditadesanjose.com/index.php/producto/clara-de-asis-biografia/#breadcrumb"},"inLanguage":"es","potentialAction":[{"@type":"ReadAction","target":["https://latienditadesanjose.com/index.php/producto/clara-de-asis-biografia/"]}]},{"@type":"ImageObject","inLanguage":"es","@id":"https://latienditadesanjose.com/index.php/producto/clara-de-asis-biografia/#primaryimage","url":"https://latienditadesanjose.com/wp-content/uploads/2024/03/CLARA-DE-ASIS-BIOGRAFIA_GIANLUIGI-PASQUALE-13.40.jpg","contentUrl":"https://latienditadesanjose.com/wp-content/uploads/2024/03/CLARA-DE-ASIS-BIOGRAFIA_GIANLUIGI-PASQUALE-13.40.jpg","width":541,"height":797},{"@type":"BreadcrumbList","@id":"https://latienditadesanjose.com/index.php/producto/clara-de-asis-biografia/#breadcrumb","itemListElement":[{"@type":"ListItem","position":1,"name":"Portada","item":"https://latienditadesanjose.com/"},{"@type":"ListItem","position":2,"name":"Tienda","item":"https://latienditadesanjose.com/index.php/shop/"},{"@type":"ListItem","position":3,"name":"CLARA DE ASIS BIOGRAFIA"}]},{"@type":"WebSite","@id":"https://latienditadesanjose.com/#website","url":"https://latienditadesanjose.com/","name":"LA TIENDITA DE SAN JOSÉ","description":"Tienda católica online","publisher":{"@id":"https://latienditadesanjose.com/#organization"},"potentialAction":[{"@type":"SearchAction","target":{"@type":"EntryPoint","urlTemplate":"https://latienditadesanjose.com/?s={search_term_string}"},"query-input":"required name=search_term_string"}],"inLanguage":"es"},{"@type":"Organization","@id":"https://latienditadesanjose.com/#organization","name":"La tiendita San José","url":"https://latienditadesanjose.com/","logo":{"@type":"ImageObject","inLanguage":"es","@id":"https://latienditadesanjose.com/#/schema/logo/image/","url":"https://latienditadesanjose.com/wp-content/uploads/2024/03/cropped-LOGO.png","contentUrl":"https://latienditadesanjose.com/wp-content/uploads/2024/03/cropped-LOGO.png","width":694,"height":254,"caption":"La tiendita San José"},"image":{"@id":"https://latienditadesanjose.com/#/schema/logo/image/"}}]}</script>
<!-- / Yoast SEO plugin. -->

CLARA DE ASIS BIOGRAFIA - LA TIENDITA DE SAN JOSÉ

Gianluigi Pasquale nos ofrece un retrato profundo y conmovedor de una de las figuras más destacadas de la historia religiosa: Santa Clara de Asís. A través de una narrativa cuidadosamente elaborada y llena de detalles históricos, Pasquale nos sumerge en la vida extraordinaria de esta mujer santa y visionaria.  Desde sus humildes comienzos como hija de una familia noble hasta su consagración como fundadora de la Orden de las Clarisas, Clara de Asís es presentada como un modelo de fe, valentía y devoción. Pasquale nos lleva en un viaje emocionante a través de los desafíos y triunfos de Clara, destacando su profundo compromiso con la pobreza, la oración y el servicio a los demás.  Es una lectura cautivadora que ilumina no solo la vida de su protagonista, sino también el contexto histórico y religioso en el que vivió. Es un tributo conmovedor a una mujer cuyo legado perdura hasta nuestros días, recordándonos el poder transformador de la fe y la entrega total a la voluntad de Dios.

LA TIENDITA DE SAN JOSÉ

Tienda católica online

La tiendita San José
