{"id":11044,"date":"2024-03-28T16:21:02","date_gmt":"2024-03-28T21:21:02","guid":{"rendered":"https:\/\/latienditadesanjose.com\/?post_type=product&#038;p=11044"},"modified":"2024-04-23T16:36:22","modified_gmt":"2024-04-23T21:36:22","slug":"dios-y-los-hijos","status":"publish","type":"product","link":"https:\/\/latienditadesanjose.com\/index.php\/producto\/dios-y-los-hijos\/","title":{"rendered":"DIOS Y LOS HIJOS"},"content":{"rendered":"<p><strong><em>Autor:<\/em> \u00a0JES\u00daS URTEAGA\u00a0<\/strong><\/p>\n","protected":false},"excerpt":{"rendered":"<p>El libro aborda temas fundamentales de la fe cristiana, desde la oraci\u00f3n y la devoci\u00f3n hasta la b\u00fasqueda de la voluntad divina en nuestras vidas diarias. Urteaga nos gu\u00eda en un viaje espiritual que nos lleva a comprender m\u00e1s plenamente el amor incondicional de Dios por cada uno de nosotros y c\u00f3mo podemos responder a ese amor de manera significativa.<\/p>\n<p>Lo que hace que \u00abDios y los hijos\u00bb sea tan especial es su enfoque pr\u00e1ctico y aplicable a la vida cotidiana. A trav\u00e9s de ejemplos concretos y consejos pr\u00e1cticos, Urteaga nos muestra c\u00f3mo podemos cultivar una relaci\u00f3n m\u00e1s profunda y significativa con Dios en medio de las demandas y desaf\u00edos de la vida moderna.<\/p>\n","protected":false},"featured_media":11045,"comment_status":"open","ping_status":"closed","template":"","meta":{"_editorskit_title_hidden":false,"_editorskit_reading_time":0,"kt_blocks_editor_width":"","_kad_post_transparent":"default","_kad_post_title":"","_kad_post_layout":"default","_kad_post_sidebar_id":"","_kad_post_content_style":"default","_kad_post_vertical_padding":"default","_kad_post_feature":"","_kad_post_feature_position":"","_kad_post_header":false,"_kad_post_footer":false},"yoast_head":"<!-- This site is optimized with the Yoast SEO plugin v22.6 - https:\/\/yoast.com\/wordpress\/plugins\/seo\/ -->\n<title>DIOS Y LOS HIJOS - LA TIENDITA DE SAN JOS\u00c9<\/title>\n<meta name=\"robots\" content=\"index, follow, max-snippet:-1, max-image-preview:large, max-video-preview:-1\" \/>\n<link rel=\"canonical\" href=\"https:\/\/latienditadesanjose.com\/index.php\/producto\/dios-y-los-hijos\/\" \/>\n<meta property=\"og:locale\" content=\"es_ES\" \/>\n<meta property=\"og:type\" content=\"article\" \/>\n<meta property=\"og:title\" content=\"DIOS Y LOS HIJOS - LA TIENDITA DE SAN JOS\u00c9\" \/>\n<meta property=\"og:description\" content=\"El libro aborda temas fundamentales de la fe cristiana, desde la oraci\u00f3n y la devoci\u00f3n hasta la b\u00fasqueda de la voluntad divina en nuestras vidas diarias. Urteaga nos gu\u00eda en un viaje espiritual que nos lleva a comprender m\u00e1s plenamente el amor incondicional de Dios por cada uno de nosotros y c\u00f3mo podemos responder a ese amor de manera significativa.  Lo que hace que &quot;Dios y los hijos&quot; sea tan especial es su enfoque pr\u00e1ctico y aplicable a la vida cotidiana. A trav\u00e9s de ejemplos concretos y consejos pr\u00e1cticos, Urteaga nos muestra c\u00f3mo podemos cultivar una relaci\u00f3n m\u00e1s profunda y significativa con Dios en medio de las demandas y desaf\u00edos de la vida moderna.\" \/>\n<meta property=\"og:url\" content=\"https:\/\/latienditadesanjose.com\/index.php\/producto\/dios-y-los-hijos\/\" \/>\n<meta property=\"og:site_name\" content=\"LA TIENDITA DE SAN JOS\u00c9\" \/>\n<meta property=\"article:modified_time\" content=\"2024-04-23T21:36:22+00:00\" \/>\n<meta property=\"og:image\" content=\"https:\/\/latienditadesanjose.com\/wp-content\/uploads\/2024\/03\/DIOS-Y-LOS-HIJOS_-JESUS-URTEAGA-2364.jpg\" \/>\n\t<meta property=\"og:image:width\" content=\"229\" \/>\n\t<meta property=\"og:image:height\" content=\"319\" \/>\n\t<meta property=\"og:image:type\" content=\"image\/jpeg\" \/>\n<meta name=\"twitter:card\" content=\"summary_large_image\" \/>\n<script type=\"application\/ld+json\" class=\"yoast-schema-graph\">{\"@context\":\"https:\/\/schema.org\",\"@graph\":[{\"@type\":\"WebPage\",\"@id\":\"https:\/\/latienditadesanjose.com\/index.php\/producto\/dios-y-los-hijos\/\",\"url\":\"https:\/\/latienditadesanjose.com\/index.php\/producto\/dios-y-los-hijos\/\",\"name\":\"DIOS Y LOS HIJOS - LA TIENDITA DE SAN JOS\u00c9\",\"isPartOf\":{\"@id\":\"https:\/\/latienditadesanjose.com\/#website\"},\"primaryImageOfPage\":{\"@id\":\"https:\/\/latienditadesanjose.com\/index.php\/producto\/dios-y-los-hijos\/#primaryimage\"},\"image\":{\"@id\":\"https:\/\/latienditadesanjose.com\/index.php\/producto\/dios-y-los-hijos\/#primaryimage\"},\"thumbnailUrl\":\"https:\/\/latienditadesanjose.com\/wp-content\/uploads\/2024\/03\/DIOS-Y-LOS-HIJOS_-JESUS-URTEAGA-2364.jpg\",\"datePublished\":\"2024-03-28T21:21:02+00:00\",\"dateModified\":\"2024-04-23T21:36:22+00:00\",\"breadcrumb\":{\"@id\":\"https:\/\/latienditadesanjose.com\/index.php\/producto\/dios-y-los-hijos\/#breadcrumb\"},\"inLanguage\":\"es\",\"potentialAction\":[{\"@type\":\"ReadAction\",\"target\":[\"https:\/\/latienditadesanjose.com\/index.php\/producto\/dios-y-los-hijos\/\"]}]},{\"@type\":\"ImageObject\",\"inLanguage\":\"es\",\"@id\":\"https:\/\/latienditadesanjose.com\/index.php\/producto\/dios-y-los-hijos\/#primaryimage\",\"url\":\"https:\/\/latienditadesanjose.com\/wp-content\/uploads\/2024\/03\/DIOS-Y-LOS-HIJOS_-JESUS-URTEAGA-2364.jpg\",\"contentUrl\":\"https:\/\/latienditadesanjose.com\/wp-content\/uploads\/2024\/03\/DIOS-Y-LOS-HIJOS_-JESUS-URTEAGA-2364.jpg\",\"width\":229,\"height\":319},{\"@type\":\"BreadcrumbList\",\"@id\":\"https:\/\/latienditadesanjose.com\/index.php\/producto\/dios-y-los-hijos\/#breadcrumb\",\"itemListElement\":[{\"@type\":\"ListItem\",\"position\":1,\"name\":\"Portada\",\"item\":\"https:\/\/latienditadesanjose.com\/\"},{\"@type\":\"ListItem\",\"position\":2,\"name\":\"Tienda\",\"item\":\"https:\/\/latienditadesanjose.com\/index.php\/shop\/\"},{\"@type\":\"ListItem\",\"position\":3,\"name\":\"DIOS Y LOS HIJOS\"}]},{\"@type\":\"WebSite\",\"@id\":\"https:\/\/latienditadesanjose.com\/#website\",\"url\":\"https:\/\/latienditadesanjose.com\/\",\"name\":\"LA TIENDITA DE SAN JOS\u00c9\",\"description\":\"Tienda cat\u00f3lica online\",\"publisher\":{\"@id\":\"https:\/\/latienditadesanjose.com\/#organization\"},\"potentialAction\":[{\"@type\":\"SearchAction\",\"target\":{\"@type\":\"EntryPoint\",\"urlTemplate\":\"https:\/\/latienditadesanjose.com\/?s={search_term_string}\"},\"query-input\":\"required name=search_term_string\"}],\"inLanguage\":\"es\"},{\"@type\":\"Organization\",\"@id\":\"https:\/\/latienditadesanjose.com\/#organization\",\"name\":\"La tiendita San Jos\u00e9\",\"url\":\"https:\/\/latienditadesanjose.com\/\",\"logo\":{\"@type\":\"ImageObject\",\"inLanguage\":\"es\",\"@id\":\"https:\/\/latienditadesanjose.com\/#\/schema\/logo\/image\/\",\"url\":\"https:\/\/latienditadesanjose.com\/wp-content\/uploads\/2024\/03\/cropped-LOGO.png\",\"contentUrl\":\"https:\/\/latienditadesanjose.com\/wp-content\/uploads\/2024\/03\/cropped-LOGO.png\",\"width\":694,\"height\":254,\"caption\":\"La tiendita San Jos\u00e9\"},\"image\":{\"@id\":\"https:\/\/latienditadesanjose.com\/#\/schema\/logo\/image\/\"}}]}<\/script>\n<!-- \/ Yoast SEO plugin. -->","yoast_head_json":{"title":"DIOS Y LOS HIJOS - LA TIENDITA DE SAN JOS\u00c9","robots":{"index":"index","follow":"follow","max-snippet":"max-snippet:-1","max-image-preview":"max-image-preview:large","max-video-preview":"max-video-preview:-1"},"canonical":"https:\/\/latienditadesanjose.com\/index.php\/producto\/dios-y-los-hijos\/","og_locale":"es_ES","og_type":"article","og_title":"DIOS Y LOS HIJOS - LA TIENDITA DE SAN JOS\u00c9","og_description":"El libro aborda temas fundamentales de la fe cristiana, desde la oraci\u00f3n y la devoci\u00f3n hasta la b\u00fasqueda de la voluntad divina en nuestras vidas diarias. Urteaga nos gu\u00eda en un viaje espiritual que nos lleva a comprender m\u00e1s plenamente el amor incondicional de Dios por cada uno de nosotros y c\u00f3mo podemos responder a ese amor de manera significativa.  Lo que hace que \"Dios y los hijos\" sea tan especial es su enfoque pr\u00e1ctico y aplicable a la vida cotidiana. A trav\u00e9s de ejemplos concretos y consejos pr\u00e1cticos, Urteaga nos muestra c\u00f3mo podemos cultivar una relaci\u00f3n m\u00e1s profunda y significativa con Dios en medio de las demandas y desaf\u00edos de la vida moderna.","og_url":"https:\/\/latienditadesanjose.com\/index.php\/producto\/dios-y-los-hijos\/","og_site_name":"LA TIENDITA DE SAN JOS\u00c9","article_modified_time":"2024-04-23T21:36:22+00:00","og_image":[{"width":229,"height":319,"url":"https:\/\/latienditadesanjose.com\/wp-content\/uploads\/2024\/03\/DIOS-Y-LOS-HIJOS_-JESUS-URTEAGA-2364.jpg","type":"image\/jpeg"}],"twitter_card":"summary_large_image","schema":{"@context":"https:\/\/schema.org","@graph":[{"@type":"WebPage","@id":"https:\/\/latienditadesanjose.com\/index.php\/producto\/dios-y-los-hijos\/","url":"https:\/\/latienditadesanjose.com\/index.php\/producto\/dios-y-los-hijos\/","name":"DIOS Y LOS HIJOS - LA TIENDITA DE SAN JOS\u00c9","isPartOf":{"@id":"https:\/\/latienditadesanjose.com\/#website"},"primaryImageOfPage":{"@id":"https:\/\/latienditadesanjose.com\/index.php\/producto\/dios-y-los-hijos\/#primaryimage"},"image":{"@id":"https:\/\/latienditadesanjose.com\/index.php\/producto\/dios-y-los-hijos\/#primaryimage"},"thumbnailUrl":"https:\/\/latienditadesanjose.com\/wp-content\/uploads\/2024\/03\/DIOS-Y-LOS-HIJOS_-JESUS-URTEAGA-2364.jpg","datePublished":"2024-03-28T21:21:02+00:00","dateModified":"2024-04-23T21:36:22+00:00","breadcrumb":{"@id":"https:\/\/latienditadesanjose.com\/index.php\/producto\/dios-y-los-hijos\/#breadcrumb"},"inLanguage":"es","potentialAction":[{"@type":"ReadAction","target":["https:\/\/latienditadesanjose.com\/index.php\/producto\/dios-y-los-hijos\/"]}]},{"@type":"ImageObject","inLanguage":"es","@id":"https:\/\/latienditadesanjose.com\/index.php\/producto\/dios-y-los-hijos\/#primaryimage","url":"https:\/\/latienditadesanjose.com\/wp-content\/uploads\/2024\/03\/DIOS-Y-LOS-HIJOS_-JESUS-URTEAGA-2364.jpg","contentUrl":"https:\/\/latienditadesanjose.com\/wp-content\/uploads\/2024\/03\/DIOS-Y-LOS-HIJOS_-JESUS-URTEAGA-2364.jpg","width":229,"height":319},{"@type":"BreadcrumbList","@id":"https:\/\/latienditadesanjose.com\/index.php\/producto\/dios-y-los-hijos\/#breadcrumb","itemListElement":[{"@type":"ListItem","position":1,"name":"Portada","item":"https:\/\/latienditadesanjose.com\/"},{"@type":"ListItem","position":2,"name":"Tienda","item":"https:\/\/latienditadesanjose.com\/index.php\/shop\/"},{"@type":"ListItem","position":3,"name":"DIOS Y LOS HIJOS"}]},{"@type":"WebSite","@id":"https:\/\/latienditadesanjose.com\/#website","url":"https:\/\/latienditadesanjose.com\/","name":"LA TIENDITA DE SAN JOS\u00c9","description":"Tienda cat\u00f3lica online","publisher":{"@id":"https:\/\/latienditadesanjose.com\/#organization"},"potentialAction":[{"@type":"SearchAction","target":{"@type":"EntryPoint","urlTemplate":"https:\/\/latienditadesanjose.com\/?s={search_term_string}"},"query-input":"required name=search_term_string"}],"inLanguage":"es"},{"@type":"Organization","@id":"https:\/\/latienditadesanjose.com\/#organization","name":"La tiendita San Jos\u00e9","url":"https:\/\/latienditadesanjose.com\/","logo":{"@type":"ImageObject","inLanguage":"es","@id":"https:\/\/latienditadesanjose.com\/#\/schema\/logo\/image\/","url":"https:\/\/latienditadesanjose.com\/wp-content\/uploads\/2024\/03\/cropped-LOGO.png","contentUrl":"https:\/\/latienditadesanjose.com\/wp-content\/uploads\/2024\/03\/cropped-LOGO.png","width":694,"height":254,"caption":"La tiendita San Jos\u00e9"},"image":{"@id":"https:\/\/latienditadesanjose.com\/#\/schema\/logo\/image\/"}}]}},"_links":{"self":[{"href":"https:\/\/latienditadesanjose.com\/index.php\/wp-json\/wp\/v2\/product\/11044"}],"collection":[{"href":"https:\/\/latienditadesanjose.com\/index.php\/wp-json\/wp\/v2\/product"}],"about":[{"href":"https:\/\/latienditadesanjose.com\/index.php\/wp-json\/wp\/v2\/types\/product"}],"replies":[{"embeddable":true,"href":"https:\/\/latienditadesanjose.com\/index.php\/wp-json\/wp\/v2\/comments?post=11044"}],"wp:featuredmedia":[{"embeddable":true,"href":"https:\/\/latienditadesanjose.com\/index.php\/wp-json\/wp\/v2\/media\/11045"}],"wp:attachment":[{"href":"https:\/\/latienditadesanjose.com\/index.php\/wp-json\/wp\/v2\/media?parent=11044"}],"curies":[{"name":"wp","href":"https:\/\/api.w.org\/{rel}","templated":true}]}}