{"id":11064,"date":"2024-04-01T16:38:01","date_gmt":"2024-04-01T21:38:01","guid":{"rendered":"https:\/\/latienditadesanjose.com\/?post_type=product&#038;p=11064"},"modified":"2024-04-23T11:19:48","modified_gmt":"2024-04-23T16:19:48","slug":"hablemos-de-porque-ir-a-misa-el-domingo","status":"publish","type":"product","link":"https:\/\/latienditadesanjose.com\/index.php\/producto\/hablemos-de-porque-ir-a-misa-el-domingo\/","title":{"rendered":"HABLEMOS DE PORQUE IR A MISA EL DOMINGO"},"content":{"rendered":"<p><em><strong>Autor:<\/strong><\/em> BRUNO FORTE<\/p>\n","protected":false},"excerpt":{"rendered":"<p>escrita por Bruno Forte, un te\u00f3logo y arzobispo cat\u00f3lico italiano, que explora el significado y la importancia de la participaci\u00f3n en la celebraci\u00f3n dominical de la Eucarist\u00eda. A trav\u00e9s de este libro, Forte ofrece una reflexi\u00f3n profunda y accesible sobre la centralidad de la Misa en la vida espiritual de los fieles cat\u00f3licos.<\/p>\n<p>Desde una perspectiva cristiana, Forte nos gu\u00eda hacia una comprensi\u00f3n m\u00e1s profunda de la Misa como el sacrificio renovado de Cristo y como el centro de la comunidad cristiana. El autor aborda las razones teol\u00f3gicas, lit\u00fargicas y pastorales detr\u00e1s de la obligaci\u00f3n de asistir a Misa los domingos.<\/p>\n","protected":false},"featured_media":11238,"comment_status":"open","ping_status":"closed","template":"","meta":{"_editorskit_title_hidden":false,"_editorskit_reading_time":0,"kt_blocks_editor_width":"","_kad_post_transparent":"default","_kad_post_title":"","_kad_post_layout":"default","_kad_post_sidebar_id":"","_kad_post_content_style":"default","_kad_post_vertical_padding":"default","_kad_post_feature":"","_kad_post_feature_position":"","_kad_post_header":false,"_kad_post_footer":false},"yoast_head":"<!-- This site is optimized with the Yoast SEO plugin v22.6 - https:\/\/yoast.com\/wordpress\/plugins\/seo\/ -->\n<title>HABLEMOS DE PORQUE IR A MISA EL DOMINGO - LA TIENDITA DE SAN JOS\u00c9<\/title>\n<meta name=\"robots\" content=\"index, follow, max-snippet:-1, max-image-preview:large, max-video-preview:-1\" \/>\n<link rel=\"canonical\" href=\"https:\/\/latienditadesanjose.com\/index.php\/producto\/hablemos-de-porque-ir-a-misa-el-domingo\/\" \/>\n<meta property=\"og:locale\" content=\"es_ES\" \/>\n<meta property=\"og:type\" content=\"article\" \/>\n<meta property=\"og:title\" content=\"HABLEMOS DE PORQUE IR A MISA EL DOMINGO - LA TIENDITA DE SAN JOS\u00c9\" \/>\n<meta property=\"og:description\" content=\"escrita por Bruno Forte, un te\u00f3logo y arzobispo cat\u00f3lico italiano, que explora el significado y la importancia de la participaci\u00f3n en la celebraci\u00f3n dominical de la Eucarist\u00eda. A trav\u00e9s de este libro, Forte ofrece una reflexi\u00f3n profunda y accesible sobre la centralidad de la Misa en la vida espiritual de los fieles cat\u00f3licos.  Desde una perspectiva cristiana, Forte nos gu\u00eda hacia una comprensi\u00f3n m\u00e1s profunda de la Misa como el sacrificio renovado de Cristo y como el centro de la comunidad cristiana. El autor aborda las razones teol\u00f3gicas, lit\u00fargicas y pastorales detr\u00e1s de la obligaci\u00f3n de asistir a Misa los domingos.\" \/>\n<meta property=\"og:url\" content=\"https:\/\/latienditadesanjose.com\/index.php\/producto\/hablemos-de-porque-ir-a-misa-el-domingo\/\" \/>\n<meta property=\"og:site_name\" content=\"LA TIENDITA DE SAN JOS\u00c9\" \/>\n<meta property=\"article:modified_time\" content=\"2024-04-23T16:19:48+00:00\" \/>\n<meta property=\"og:image\" content=\"https:\/\/latienditadesanjose.com\/wp-content\/uploads\/2024\/04\/Hablemos-de-porque-ir-a-Misa-los-domingos.jpg\" \/>\n\t<meta property=\"og:image:width\" content=\"800\" \/>\n\t<meta property=\"og:image:height\" content=\"800\" \/>\n\t<meta property=\"og:image:type\" content=\"image\/jpeg\" \/>\n<meta name=\"twitter:card\" content=\"summary_large_image\" \/>\n<meta name=\"twitter:label1\" content=\"Tiempo de lectura\" \/>\n\t<meta name=\"twitter:data1\" content=\"1 minuto\" \/>\n<script type=\"application\/ld+json\" class=\"yoast-schema-graph\">{\"@context\":\"https:\/\/schema.org\",\"@graph\":[{\"@type\":\"WebPage\",\"@id\":\"https:\/\/latienditadesanjose.com\/index.php\/producto\/hablemos-de-porque-ir-a-misa-el-domingo\/\",\"url\":\"https:\/\/latienditadesanjose.com\/index.php\/producto\/hablemos-de-porque-ir-a-misa-el-domingo\/\",\"name\":\"HABLEMOS DE PORQUE IR A MISA EL DOMINGO - LA TIENDITA DE SAN JOS\u00c9\",\"isPartOf\":{\"@id\":\"https:\/\/latienditadesanjose.com\/#website\"},\"primaryImageOfPage\":{\"@id\":\"https:\/\/latienditadesanjose.com\/index.php\/producto\/hablemos-de-porque-ir-a-misa-el-domingo\/#primaryimage\"},\"image\":{\"@id\":\"https:\/\/latienditadesanjose.com\/index.php\/producto\/hablemos-de-porque-ir-a-misa-el-domingo\/#primaryimage\"},\"thumbnailUrl\":\"https:\/\/latienditadesanjose.com\/wp-content\/uploads\/2024\/04\/Hablemos-de-porque-ir-a-Misa-los-domingos.jpg\",\"datePublished\":\"2024-04-01T21:38:01+00:00\",\"dateModified\":\"2024-04-23T16:19:48+00:00\",\"breadcrumb\":{\"@id\":\"https:\/\/latienditadesanjose.com\/index.php\/producto\/hablemos-de-porque-ir-a-misa-el-domingo\/#breadcrumb\"},\"inLanguage\":\"es\",\"potentialAction\":[{\"@type\":\"ReadAction\",\"target\":[\"https:\/\/latienditadesanjose.com\/index.php\/producto\/hablemos-de-porque-ir-a-misa-el-domingo\/\"]}]},{\"@type\":\"ImageObject\",\"inLanguage\":\"es\",\"@id\":\"https:\/\/latienditadesanjose.com\/index.php\/producto\/hablemos-de-porque-ir-a-misa-el-domingo\/#primaryimage\",\"url\":\"https:\/\/latienditadesanjose.com\/wp-content\/uploads\/2024\/04\/Hablemos-de-porque-ir-a-Misa-los-domingos.jpg\",\"contentUrl\":\"https:\/\/latienditadesanjose.com\/wp-content\/uploads\/2024\/04\/Hablemos-de-porque-ir-a-Misa-los-domingos.jpg\",\"width\":800,\"height\":800},{\"@type\":\"BreadcrumbList\",\"@id\":\"https:\/\/latienditadesanjose.com\/index.php\/producto\/hablemos-de-porque-ir-a-misa-el-domingo\/#breadcrumb\",\"itemListElement\":[{\"@type\":\"ListItem\",\"position\":1,\"name\":\"Portada\",\"item\":\"https:\/\/latienditadesanjose.com\/\"},{\"@type\":\"ListItem\",\"position\":2,\"name\":\"Tienda\",\"item\":\"https:\/\/latienditadesanjose.com\/index.php\/shop\/\"},{\"@type\":\"ListItem\",\"position\":3,\"name\":\"HABLEMOS DE PORQUE IR A MISA EL DOMINGO\"}]},{\"@type\":\"WebSite\",\"@id\":\"https:\/\/latienditadesanjose.com\/#website\",\"url\":\"https:\/\/latienditadesanjose.com\/\",\"name\":\"LA TIENDITA DE SAN JOS\u00c9\",\"description\":\"Tienda cat\u00f3lica online\",\"publisher\":{\"@id\":\"https:\/\/latienditadesanjose.com\/#organization\"},\"potentialAction\":[{\"@type\":\"SearchAction\",\"target\":{\"@type\":\"EntryPoint\",\"urlTemplate\":\"https:\/\/latienditadesanjose.com\/?s={search_term_string}\"},\"query-input\":\"required name=search_term_string\"}],\"inLanguage\":\"es\"},{\"@type\":\"Organization\",\"@id\":\"https:\/\/latienditadesanjose.com\/#organization\",\"name\":\"La tiendita San Jos\u00e9\",\"url\":\"https:\/\/latienditadesanjose.com\/\",\"logo\":{\"@type\":\"ImageObject\",\"inLanguage\":\"es\",\"@id\":\"https:\/\/latienditadesanjose.com\/#\/schema\/logo\/image\/\",\"url\":\"https:\/\/latienditadesanjose.com\/wp-content\/uploads\/2024\/03\/cropped-LOGO.png\",\"contentUrl\":\"https:\/\/latienditadesanjose.com\/wp-content\/uploads\/2024\/03\/cropped-LOGO.png\",\"width\":694,\"height\":254,\"caption\":\"La tiendita San Jos\u00e9\"},\"image\":{\"@id\":\"https:\/\/latienditadesanjose.com\/#\/schema\/logo\/image\/\"}}]}<\/script>\n<!-- \/ Yoast SEO plugin. -->","yoast_head_json":{"title":"HABLEMOS DE PORQUE IR A MISA EL DOMINGO - LA TIENDITA DE SAN JOS\u00c9","robots":{"index":"index","follow":"follow","max-snippet":"max-snippet:-1","max-image-preview":"max-image-preview:large","max-video-preview":"max-video-preview:-1"},"canonical":"https:\/\/latienditadesanjose.com\/index.php\/producto\/hablemos-de-porque-ir-a-misa-el-domingo\/","og_locale":"es_ES","og_type":"article","og_title":"HABLEMOS DE PORQUE IR A MISA EL DOMINGO - LA TIENDITA DE SAN JOS\u00c9","og_description":"escrita por Bruno Forte, un te\u00f3logo y arzobispo cat\u00f3lico italiano, que explora el significado y la importancia de la participaci\u00f3n en la celebraci\u00f3n dominical de la Eucarist\u00eda. A trav\u00e9s de este libro, Forte ofrece una reflexi\u00f3n profunda y accesible sobre la centralidad de la Misa en la vida espiritual de los fieles cat\u00f3licos.  Desde una perspectiva cristiana, Forte nos gu\u00eda hacia una comprensi\u00f3n m\u00e1s profunda de la Misa como el sacrificio renovado de Cristo y como el centro de la comunidad cristiana. El autor aborda las razones teol\u00f3gicas, lit\u00fargicas y pastorales detr\u00e1s de la obligaci\u00f3n de asistir a Misa los domingos.","og_url":"https:\/\/latienditadesanjose.com\/index.php\/producto\/hablemos-de-porque-ir-a-misa-el-domingo\/","og_site_name":"LA TIENDITA DE SAN JOS\u00c9","article_modified_time":"2024-04-23T16:19:48+00:00","og_image":[{"width":800,"height":800,"url":"https:\/\/latienditadesanjose.com\/wp-content\/uploads\/2024\/04\/Hablemos-de-porque-ir-a-Misa-los-domingos.jpg","type":"image\/jpeg"}],"twitter_card":"summary_large_image","twitter_misc":{"Tiempo de lectura":"1 minuto"},"schema":{"@context":"https:\/\/schema.org","@graph":[{"@type":"WebPage","@id":"https:\/\/latienditadesanjose.com\/index.php\/producto\/hablemos-de-porque-ir-a-misa-el-domingo\/","url":"https:\/\/latienditadesanjose.com\/index.php\/producto\/hablemos-de-porque-ir-a-misa-el-domingo\/","name":"HABLEMOS DE PORQUE IR A MISA EL DOMINGO - LA TIENDITA DE SAN JOS\u00c9","isPartOf":{"@id":"https:\/\/latienditadesanjose.com\/#website"},"primaryImageOfPage":{"@id":"https:\/\/latienditadesanjose.com\/index.php\/producto\/hablemos-de-porque-ir-a-misa-el-domingo\/#primaryimage"},"image":{"@id":"https:\/\/latienditadesanjose.com\/index.php\/producto\/hablemos-de-porque-ir-a-misa-el-domingo\/#primaryimage"},"thumbnailUrl":"https:\/\/latienditadesanjose.com\/wp-content\/uploads\/2024\/04\/Hablemos-de-porque-ir-a-Misa-los-domingos.jpg","datePublished":"2024-04-01T21:38:01+00:00","dateModified":"2024-04-23T16:19:48+00:00","breadcrumb":{"@id":"https:\/\/latienditadesanjose.com\/index.php\/producto\/hablemos-de-porque-ir-a-misa-el-domingo\/#breadcrumb"},"inLanguage":"es","potentialAction":[{"@type":"ReadAction","target":["https:\/\/latienditadesanjose.com\/index.php\/producto\/hablemos-de-porque-ir-a-misa-el-domingo\/"]}]},{"@type":"ImageObject","inLanguage":"es","@id":"https:\/\/latienditadesanjose.com\/index.php\/producto\/hablemos-de-porque-ir-a-misa-el-domingo\/#primaryimage","url":"https:\/\/latienditadesanjose.com\/wp-content\/uploads\/2024\/04\/Hablemos-de-porque-ir-a-Misa-los-domingos.jpg","contentUrl":"https:\/\/latienditadesanjose.com\/wp-content\/uploads\/2024\/04\/Hablemos-de-porque-ir-a-Misa-los-domingos.jpg","width":800,"height":800},{"@type":"BreadcrumbList","@id":"https:\/\/latienditadesanjose.com\/index.php\/producto\/hablemos-de-porque-ir-a-misa-el-domingo\/#breadcrumb","itemListElement":[{"@type":"ListItem","position":1,"name":"Portada","item":"https:\/\/latienditadesanjose.com\/"},{"@type":"ListItem","position":2,"name":"Tienda","item":"https:\/\/latienditadesanjose.com\/index.php\/shop\/"},{"@type":"ListItem","position":3,"name":"HABLEMOS DE PORQUE IR A MISA EL DOMINGO"}]},{"@type":"WebSite","@id":"https:\/\/latienditadesanjose.com\/#website","url":"https:\/\/latienditadesanjose.com\/","name":"LA TIENDITA DE SAN JOS\u00c9","description":"Tienda cat\u00f3lica online","publisher":{"@id":"https:\/\/latienditadesanjose.com\/#organization"},"potentialAction":[{"@type":"SearchAction","target":{"@type":"EntryPoint","urlTemplate":"https:\/\/latienditadesanjose.com\/?s={search_term_string}"},"query-input":"required name=search_term_string"}],"inLanguage":"es"},{"@type":"Organization","@id":"https:\/\/latienditadesanjose.com\/#organization","name":"La tiendita San Jos\u00e9","url":"https:\/\/latienditadesanjose.com\/","logo":{"@type":"ImageObject","inLanguage":"es","@id":"https:\/\/latienditadesanjose.com\/#\/schema\/logo\/image\/","url":"https:\/\/latienditadesanjose.com\/wp-content\/uploads\/2024\/03\/cropped-LOGO.png","contentUrl":"https:\/\/latienditadesanjose.com\/wp-content\/uploads\/2024\/03\/cropped-LOGO.png","width":694,"height":254,"caption":"La tiendita San Jos\u00e9"},"image":{"@id":"https:\/\/latienditadesanjose.com\/#\/schema\/logo\/image\/"}}]}},"_links":{"self":[{"href":"https:\/\/latienditadesanjose.com\/index.php\/wp-json\/wp\/v2\/product\/11064"}],"collection":[{"href":"https:\/\/latienditadesanjose.com\/index.php\/wp-json\/wp\/v2\/product"}],"about":[{"href":"https:\/\/latienditadesanjose.com\/index.php\/wp-json\/wp\/v2\/types\/product"}],"replies":[{"embeddable":true,"href":"https:\/\/latienditadesanjose.com\/index.php\/wp-json\/wp\/v2\/comments?post=11064"}],"wp:featuredmedia":[{"embeddable":true,"href":"https:\/\/latienditadesanjose.com\/index.php\/wp-json\/wp\/v2\/media\/11238"}],"wp:attachment":[{"href":"https:\/\/latienditadesanjose.com\/index.php\/wp-json\/wp\/v2\/media?parent=11064"}],"curies":[{"name":"wp","href":"https:\/\/api.w.org\/{rel}","templated":true}]}}

<p>escrita por Bruno Forte, un teólogo y arzobispo católico italiano, que explora el significado y la importancia de la participación en la celebración dominical de la Eucaristía. A través de este libro, Forte ofrece una reflexión profunda y accesible sobre la centralidad de la Misa en la vida espiritual de los fieles católicos.</p>
<p>Desde una perspectiva cristiana, Forte nos guía hacia una comprensión más profunda de la Misa como el sacrificio renovado de Cristo y como el centro de la comunidad cristiana. El autor aborda las razones teológicas, litúrgicas y pastorales detrás de la obligación de asistir a Misa los domingos.</p>

<!-- This site is optimized with the Yoast SEO plugin v22.6 - https://yoast.com/wordpress/plugins/seo/ -->
<title>HABLEMOS DE PORQUE IR A MISA EL DOMINGO - LA TIENDITA DE SAN JOSÉ</title>
<meta name="robots" content="index, follow, max-snippet:-1, max-image-preview:large, max-video-preview:-1" />
<link rel="canonical" href="https://latienditadesanjose.com/index.php/producto/hablemos-de-porque-ir-a-misa-el-domingo/" />
<meta property="og:locale" content="es_ES" />
<meta property="og:type" content="article" />
<meta property="og:title" content="HABLEMOS DE PORQUE IR A MISA EL DOMINGO - LA TIENDITA DE SAN JOSÉ" />
<meta property="og:description" content="escrita por Bruno Forte, un teólogo y arzobispo católico italiano, que explora el significado y la importancia de la participación en la celebración dominical de la Eucaristía. A través de este libro, Forte ofrece una reflexión profunda y accesible sobre la centralidad de la Misa en la vida espiritual de los fieles católicos.  Desde una perspectiva cristiana, Forte nos guía hacia una comprensión más profunda de la Misa como el sacrificio renovado de Cristo y como el centro de la comunidad cristiana. El autor aborda las razones teológicas, litúrgicas y pastorales detrás de la obligación de asistir a Misa los domingos." />
<meta property="og:url" content="https://latienditadesanjose.com/index.php/producto/hablemos-de-porque-ir-a-misa-el-domingo/" />
<meta property="og:site_name" content="LA TIENDITA DE SAN JOSÉ" />
<meta property="article:modified_time" content="2024-04-23T16:19:48+00:00" />
<meta property="og:image" content="https://latienditadesanjose.com/wp-content/uploads/2024/04/Hablemos-de-porque-ir-a-Misa-los-domingos.jpg" />
	<meta property="og:image:width" content="800" />
	<meta property="og:image:height" content="800" />
	<meta property="og:image:type" content="image/jpeg" />
<meta name="twitter:card" content="summary_large_image" />
<meta name="twitter:label1" content="Tiempo de lectura" />
	<meta name="twitter:data1" content="1 minuto" />
<script type="application/ld+json" class="yoast-schema-graph">{"@context":"https://schema.org","@graph":[{"@type":"WebPage","@id":"https://latienditadesanjose.com/index.php/producto/hablemos-de-porque-ir-a-misa-el-domingo/","url":"https://latienditadesanjose.com/index.php/producto/hablemos-de-porque-ir-a-misa-el-domingo/","name":"HABLEMOS DE PORQUE IR A MISA EL DOMINGO - LA TIENDITA DE SAN JOSÉ","isPartOf":{"@id":"https://latienditadesanjose.com/#website"},"primaryImageOfPage":{"@id":"https://latienditadesanjose.com/index.php/producto/hablemos-de-porque-ir-a-misa-el-domingo/#primaryimage"},"image":{"@id":"https://latienditadesanjose.com/index.php/producto/hablemos-de-porque-ir-a-misa-el-domingo/#primaryimage"},"thumbnailUrl":"https://latienditadesanjose.com/wp-content/uploads/2024/04/Hablemos-de-porque-ir-a-Misa-los-domingos.jpg","datePublished":"2024-04-01T21:38:01+00:00","dateModified":"2024-04-23T16:19:48+00:00","breadcrumb":{"@id":"https://latienditadesanjose.com/index.php/producto/hablemos-de-porque-ir-a-misa-el-domingo/#breadcrumb"},"inLanguage":"es","potentialAction":[{"@type":"ReadAction","target":["https://latienditadesanjose.com/index.php/producto/hablemos-de-porque-ir-a-misa-el-domingo/"]}]},{"@type":"ImageObject","inLanguage":"es","@id":"https://latienditadesanjose.com/index.php/producto/hablemos-de-porque-ir-a-misa-el-domingo/#primaryimage","url":"https://latienditadesanjose.com/wp-content/uploads/2024/04/Hablemos-de-porque-ir-a-Misa-los-domingos.jpg","contentUrl":"https://latienditadesanjose.com/wp-content/uploads/2024/04/Hablemos-de-porque-ir-a-Misa-los-domingos.jpg","width":800,"height":800},{"@type":"BreadcrumbList","@id":"https://latienditadesanjose.com/index.php/producto/hablemos-de-porque-ir-a-misa-el-domingo/#breadcrumb","itemListElement":[{"@type":"ListItem","position":1,"name":"Portada","item":"https://latienditadesanjose.com/"},{"@type":"ListItem","position":2,"name":"Tienda","item":"https://latienditadesanjose.com/index.php/shop/"},{"@type":"ListItem","position":3,"name":"HABLEMOS DE PORQUE IR A MISA EL DOMINGO"}]},{"@type":"WebSite","@id":"https://latienditadesanjose.com/#website","url":"https://latienditadesanjose.com/","name":"LA TIENDITA DE SAN JOSÉ","description":"Tienda católica online","publisher":{"@id":"https://latienditadesanjose.com/#organization"},"potentialAction":[{"@type":"SearchAction","target":{"@type":"EntryPoint","urlTemplate":"https://latienditadesanjose.com/?s={search_term_string}"},"query-input":"required name=search_term_string"}],"inLanguage":"es"},{"@type":"Organization","@id":"https://latienditadesanjose.com/#organization","name":"La tiendita San José","url":"https://latienditadesanjose.com/","logo":{"@type":"ImageObject","inLanguage":"es","@id":"https://latienditadesanjose.com/#/schema/logo/image/","url":"https://latienditadesanjose.com/wp-content/uploads/2024/03/cropped-LOGO.png","contentUrl":"https://latienditadesanjose.com/wp-content/uploads/2024/03/cropped-LOGO.png","width":694,"height":254,"caption":"La tiendita San José"},"image":{"@id":"https://latienditadesanjose.com/#/schema/logo/image/"}}]}</script>
<!-- / Yoast SEO plugin. -->

HABLEMOS DE PORQUE IR A MISA EL DOMINGO - LA TIENDITA DE SAN JOSÉ

escrita por Bruno Forte, un teólogo y arzobispo católico italiano, que explora el significado y la importancia de la participación en la celebración dominical de la Eucaristía. A través de este libro, Forte ofrece una reflexión profunda y accesible sobre la centralidad de la Misa en la vida espiritual de los fieles católicos.  Desde una perspectiva cristiana, Forte nos guía hacia una comprensión más profunda de la Misa como el sacrificio renovado de Cristo y como el centro de la comunidad cristiana. El autor aborda las razones teológicas, litúrgicas y pastorales detrás de la obligación de asistir a Misa los domingos.

LA TIENDITA DE SAN JOSÉ

Tienda católica online

La tiendita San José
