{"id":11081,"date":"2024-04-01T17:59:24","date_gmt":"2024-04-01T22:59:24","guid":{"rendered":"https:\/\/latienditadesanjose.com\/?post_type=product&#038;p=11081"},"modified":"2024-04-19T11:52:15","modified_gmt":"2024-04-19T16:52:15","slug":"la-madre-educadora","status":"publish","type":"product","link":"https:\/\/latienditadesanjose.com\/index.php\/producto\/la-madre-educadora\/","title":{"rendered":"LA MADRE EDUCADORA"},"content":{"rendered":"<p><em><strong>Autor:<\/strong><\/em> P. EDUARDO PAVVANELLI<\/p>\n","protected":false},"excerpt":{"rendered":"<p>Cuantas veces las mam\u00e1s cat\u00f3licas se lanzan con empe\u00f1o en su vocaci\u00f3n, quieren educar cristianamente a sus hijos. Pero se encuentran con varios obst\u00e1culos. \u00bfPor d\u00f3nde empezar? \u00bfExiste alg\u00fan m\u00e9todo? \u00bfCu\u00e1les son los principios para educar a mis hijos? Estos y muchos m\u00e1s obst\u00e1culos se presentan en la ardua tarea de educar bien a los hijos.<\/p>\n<p>Las mam\u00e1s deben tener en cuenta que educar es una arte y adem\u00e1s un don de Dios. Pero necesita de una preparaci\u00f3n profunda, para que la educaci\u00f3n sea lo mejor posible, con esmero y muy buena voluntad.<\/p>\n<p>Para esto el Padre Eduardo Pavanetti, gu\u00eda a las mam\u00e1s paso a paso como educarse a s\u00ed mismas, para poder educar sus hijos para el cielo.<br \/>\nConocer el temperamento de los ni\u00f1os, develar su alma a medida que pasan por cada etapa de su vida y entrenar desde su intelecto y su voluntad a esas mam\u00e1s que no quieren solamente hijos buenos, sino hijos SANTOS.<\/p>\n","protected":false},"featured_media":11082,"comment_status":"open","ping_status":"closed","template":"","meta":{"_editorskit_title_hidden":false,"_editorskit_reading_time":0,"kt_blocks_editor_width":"","_kad_post_transparent":"default","_kad_post_title":"","_kad_post_layout":"default","_kad_post_sidebar_id":"","_kad_post_content_style":"default","_kad_post_vertical_padding":"default","_kad_post_feature":"","_kad_post_feature_position":"","_kad_post_header":false,"_kad_post_footer":false},"yoast_head":"<!-- This site is optimized with the Yoast SEO plugin v22.6 - https:\/\/yoast.com\/wordpress\/plugins\/seo\/ -->\n<title>LA MADRE EDUCADORA - LA TIENDITA DE SAN JOS\u00c9<\/title>\n<meta name=\"robots\" content=\"index, follow, max-snippet:-1, max-image-preview:large, max-video-preview:-1\" \/>\n<link rel=\"canonical\" href=\"https:\/\/latienditadesanjose.com\/index.php\/producto\/la-madre-educadora\/\" \/>\n<meta property=\"og:locale\" content=\"es_ES\" \/>\n<meta property=\"og:type\" content=\"article\" \/>\n<meta property=\"og:title\" content=\"LA MADRE EDUCADORA - LA TIENDITA DE SAN JOS\u00c9\" \/>\n<meta property=\"og:description\" content=\"Cuantas veces las mam\u00e1s cat\u00f3licas se lanzan con empe\u00f1o en su vocaci\u00f3n, quieren educar cristianamente a sus hijos. Pero se encuentran con varios obst\u00e1culos. \u00bfPor d\u00f3nde empezar? \u00bfExiste alg\u00fan m\u00e9todo? \u00bfCu\u00e1les son los principios para educar a mis hijos? Estos y muchos m\u00e1s obst\u00e1culos se presentan en la ardua tarea de educar bien a los hijos.  Las mam\u00e1s deben tener en cuenta que educar es una arte y adem\u00e1s un don de Dios. Pero necesita de una preparaci\u00f3n profunda, para que la educaci\u00f3n sea lo mejor posible, con esmero y muy buena voluntad.  Para esto el Padre Eduardo Pavanetti, gu\u00eda a las mam\u00e1s paso a paso como educarse a s\u00ed mismas, para poder educar sus hijos para el cielo. Conocer el temperamento de los ni\u00f1os, develar su alma a medida que pasan por cada etapa de su vida y entrenar desde su intelecto y su voluntad a esas mam\u00e1s que no quieren solamente hijos buenos, sino hijos SANTOS.\" \/>\n<meta property=\"og:url\" content=\"https:\/\/latienditadesanjose.com\/index.php\/producto\/la-madre-educadora\/\" \/>\n<meta property=\"og:site_name\" content=\"LA TIENDITA DE SAN JOS\u00c9\" \/>\n<meta property=\"article:modified_time\" content=\"2024-04-19T16:52:15+00:00\" \/>\n<meta property=\"og:image\" content=\"https:\/\/latienditadesanjose.com\/wp-content\/uploads\/2024\/04\/LA-MADRE-EDUCADORA_-P.-EDUARDO-PAVVANELLI-14.jpg\" \/>\n\t<meta property=\"og:image:width\" content=\"971\" \/>\n\t<meta property=\"og:image:height\" content=\"1500\" \/>\n\t<meta property=\"og:image:type\" content=\"image\/jpeg\" \/>\n<meta name=\"twitter:card\" content=\"summary_large_image\" \/>\n<script type=\"application\/ld+json\" class=\"yoast-schema-graph\">{\"@context\":\"https:\/\/schema.org\",\"@graph\":[{\"@type\":\"WebPage\",\"@id\":\"https:\/\/latienditadesanjose.com\/index.php\/producto\/la-madre-educadora\/\",\"url\":\"https:\/\/latienditadesanjose.com\/index.php\/producto\/la-madre-educadora\/\",\"name\":\"LA MADRE EDUCADORA - LA TIENDITA DE SAN JOS\u00c9\",\"isPartOf\":{\"@id\":\"https:\/\/latienditadesanjose.com\/#website\"},\"primaryImageOfPage\":{\"@id\":\"https:\/\/latienditadesanjose.com\/index.php\/producto\/la-madre-educadora\/#primaryimage\"},\"image\":{\"@id\":\"https:\/\/latienditadesanjose.com\/index.php\/producto\/la-madre-educadora\/#primaryimage\"},\"thumbnailUrl\":\"https:\/\/latienditadesanjose.com\/wp-content\/uploads\/2024\/04\/LA-MADRE-EDUCADORA_-P.-EDUARDO-PAVVANELLI-14.jpg\",\"datePublished\":\"2024-04-01T22:59:24+00:00\",\"dateModified\":\"2024-04-19T16:52:15+00:00\",\"breadcrumb\":{\"@id\":\"https:\/\/latienditadesanjose.com\/index.php\/producto\/la-madre-educadora\/#breadcrumb\"},\"inLanguage\":\"es\",\"potentialAction\":[{\"@type\":\"ReadAction\",\"target\":[\"https:\/\/latienditadesanjose.com\/index.php\/producto\/la-madre-educadora\/\"]}]},{\"@type\":\"ImageObject\",\"inLanguage\":\"es\",\"@id\":\"https:\/\/latienditadesanjose.com\/index.php\/producto\/la-madre-educadora\/#primaryimage\",\"url\":\"https:\/\/latienditadesanjose.com\/wp-content\/uploads\/2024\/04\/LA-MADRE-EDUCADORA_-P.-EDUARDO-PAVVANELLI-14.jpg\",\"contentUrl\":\"https:\/\/latienditadesanjose.com\/wp-content\/uploads\/2024\/04\/LA-MADRE-EDUCADORA_-P.-EDUARDO-PAVVANELLI-14.jpg\",\"width\":971,\"height\":1500},{\"@type\":\"BreadcrumbList\",\"@id\":\"https:\/\/latienditadesanjose.com\/index.php\/producto\/la-madre-educadora\/#breadcrumb\",\"itemListElement\":[{\"@type\":\"ListItem\",\"position\":1,\"name\":\"Portada\",\"item\":\"https:\/\/latienditadesanjose.com\/\"},{\"@type\":\"ListItem\",\"position\":2,\"name\":\"Tienda\",\"item\":\"https:\/\/latienditadesanjose.com\/index.php\/shop\/\"},{\"@type\":\"ListItem\",\"position\":3,\"name\":\"LA MADRE EDUCADORA\"}]},{\"@type\":\"WebSite\",\"@id\":\"https:\/\/latienditadesanjose.com\/#website\",\"url\":\"https:\/\/latienditadesanjose.com\/\",\"name\":\"LA TIENDITA DE SAN JOS\u00c9\",\"description\":\"Tienda cat\u00f3lica online\",\"publisher\":{\"@id\":\"https:\/\/latienditadesanjose.com\/#organization\"},\"potentialAction\":[{\"@type\":\"SearchAction\",\"target\":{\"@type\":\"EntryPoint\",\"urlTemplate\":\"https:\/\/latienditadesanjose.com\/?s={search_term_string}\"},\"query-input\":\"required name=search_term_string\"}],\"inLanguage\":\"es\"},{\"@type\":\"Organization\",\"@id\":\"https:\/\/latienditadesanjose.com\/#organization\",\"name\":\"La tiendita San Jos\u00e9\",\"url\":\"https:\/\/latienditadesanjose.com\/\",\"logo\":{\"@type\":\"ImageObject\",\"inLanguage\":\"es\",\"@id\":\"https:\/\/latienditadesanjose.com\/#\/schema\/logo\/image\/\",\"url\":\"https:\/\/latienditadesanjose.com\/wp-content\/uploads\/2024\/03\/cropped-LOGO.png\",\"contentUrl\":\"https:\/\/latienditadesanjose.com\/wp-content\/uploads\/2024\/03\/cropped-LOGO.png\",\"width\":694,\"height\":254,\"caption\":\"La tiendita San Jos\u00e9\"},\"image\":{\"@id\":\"https:\/\/latienditadesanjose.com\/#\/schema\/logo\/image\/\"}}]}<\/script>\n<!-- \/ Yoast SEO plugin. -->","yoast_head_json":{"title":"LA MADRE EDUCADORA - LA TIENDITA DE SAN JOS\u00c9","robots":{"index":"index","follow":"follow","max-snippet":"max-snippet:-1","max-image-preview":"max-image-preview:large","max-video-preview":"max-video-preview:-1"},"canonical":"https:\/\/latienditadesanjose.com\/index.php\/producto\/la-madre-educadora\/","og_locale":"es_ES","og_type":"article","og_title":"LA MADRE EDUCADORA - LA TIENDITA DE SAN JOS\u00c9","og_description":"Cuantas veces las mam\u00e1s cat\u00f3licas se lanzan con empe\u00f1o en su vocaci\u00f3n, quieren educar cristianamente a sus hijos. Pero se encuentran con varios obst\u00e1culos. \u00bfPor d\u00f3nde empezar? \u00bfExiste alg\u00fan m\u00e9todo? \u00bfCu\u00e1les son los principios para educar a mis hijos? Estos y muchos m\u00e1s obst\u00e1culos se presentan en la ardua tarea de educar bien a los hijos.  Las mam\u00e1s deben tener en cuenta que educar es una arte y adem\u00e1s un don de Dios. Pero necesita de una preparaci\u00f3n profunda, para que la educaci\u00f3n sea lo mejor posible, con esmero y muy buena voluntad.  Para esto el Padre Eduardo Pavanetti, gu\u00eda a las mam\u00e1s paso a paso como educarse a s\u00ed mismas, para poder educar sus hijos para el cielo. Conocer el temperamento de los ni\u00f1os, develar su alma a medida que pasan por cada etapa de su vida y entrenar desde su intelecto y su voluntad a esas mam\u00e1s que no quieren solamente hijos buenos, sino hijos SANTOS.","og_url":"https:\/\/latienditadesanjose.com\/index.php\/producto\/la-madre-educadora\/","og_site_name":"LA TIENDITA DE SAN JOS\u00c9","article_modified_time":"2024-04-19T16:52:15+00:00","og_image":[{"width":971,"height":1500,"url":"https:\/\/latienditadesanjose.com\/wp-content\/uploads\/2024\/04\/LA-MADRE-EDUCADORA_-P.-EDUARDO-PAVVANELLI-14.jpg","type":"image\/jpeg"}],"twitter_card":"summary_large_image","schema":{"@context":"https:\/\/schema.org","@graph":[{"@type":"WebPage","@id":"https:\/\/latienditadesanjose.com\/index.php\/producto\/la-madre-educadora\/","url":"https:\/\/latienditadesanjose.com\/index.php\/producto\/la-madre-educadora\/","name":"LA MADRE EDUCADORA - LA TIENDITA DE SAN JOS\u00c9","isPartOf":{"@id":"https:\/\/latienditadesanjose.com\/#website"},"primaryImageOfPage":{"@id":"https:\/\/latienditadesanjose.com\/index.php\/producto\/la-madre-educadora\/#primaryimage"},"image":{"@id":"https:\/\/latienditadesanjose.com\/index.php\/producto\/la-madre-educadora\/#primaryimage"},"thumbnailUrl":"https:\/\/latienditadesanjose.com\/wp-content\/uploads\/2024\/04\/LA-MADRE-EDUCADORA_-P.-EDUARDO-PAVVANELLI-14.jpg","datePublished":"2024-04-01T22:59:24+00:00","dateModified":"2024-04-19T16:52:15+00:00","breadcrumb":{"@id":"https:\/\/latienditadesanjose.com\/index.php\/producto\/la-madre-educadora\/#breadcrumb"},"inLanguage":"es","potentialAction":[{"@type":"ReadAction","target":["https:\/\/latienditadesanjose.com\/index.php\/producto\/la-madre-educadora\/"]}]},{"@type":"ImageObject","inLanguage":"es","@id":"https:\/\/latienditadesanjose.com\/index.php\/producto\/la-madre-educadora\/#primaryimage","url":"https:\/\/latienditadesanjose.com\/wp-content\/uploads\/2024\/04\/LA-MADRE-EDUCADORA_-P.-EDUARDO-PAVVANELLI-14.jpg","contentUrl":"https:\/\/latienditadesanjose.com\/wp-content\/uploads\/2024\/04\/LA-MADRE-EDUCADORA_-P.-EDUARDO-PAVVANELLI-14.jpg","width":971,"height":1500},{"@type":"BreadcrumbList","@id":"https:\/\/latienditadesanjose.com\/index.php\/producto\/la-madre-educadora\/#breadcrumb","itemListElement":[{"@type":"ListItem","position":1,"name":"Portada","item":"https:\/\/latienditadesanjose.com\/"},{"@type":"ListItem","position":2,"name":"Tienda","item":"https:\/\/latienditadesanjose.com\/index.php\/shop\/"},{"@type":"ListItem","position":3,"name":"LA MADRE EDUCADORA"}]},{"@type":"WebSite","@id":"https:\/\/latienditadesanjose.com\/#website","url":"https:\/\/latienditadesanjose.com\/","name":"LA TIENDITA DE SAN JOS\u00c9","description":"Tienda cat\u00f3lica online","publisher":{"@id":"https:\/\/latienditadesanjose.com\/#organization"},"potentialAction":[{"@type":"SearchAction","target":{"@type":"EntryPoint","urlTemplate":"https:\/\/latienditadesanjose.com\/?s={search_term_string}"},"query-input":"required name=search_term_string"}],"inLanguage":"es"},{"@type":"Organization","@id":"https:\/\/latienditadesanjose.com\/#organization","name":"La tiendita San Jos\u00e9","url":"https:\/\/latienditadesanjose.com\/","logo":{"@type":"ImageObject","inLanguage":"es","@id":"https:\/\/latienditadesanjose.com\/#\/schema\/logo\/image\/","url":"https:\/\/latienditadesanjose.com\/wp-content\/uploads\/2024\/03\/cropped-LOGO.png","contentUrl":"https:\/\/latienditadesanjose.com\/wp-content\/uploads\/2024\/03\/cropped-LOGO.png","width":694,"height":254,"caption":"La tiendita San Jos\u00e9"},"image":{"@id":"https:\/\/latienditadesanjose.com\/#\/schema\/logo\/image\/"}}]}},"_links":{"self":[{"href":"https:\/\/latienditadesanjose.com\/index.php\/wp-json\/wp\/v2\/product\/11081"}],"collection":[{"href":"https:\/\/latienditadesanjose.com\/index.php\/wp-json\/wp\/v2\/product"}],"about":[{"href":"https:\/\/latienditadesanjose.com\/index.php\/wp-json\/wp\/v2\/types\/product"}],"replies":[{"embeddable":true,"href":"https:\/\/latienditadesanjose.com\/index.php\/wp-json\/wp\/v2\/comments?post=11081"}],"wp:featuredmedia":[{"embeddable":true,"href":"https:\/\/latienditadesanjose.com\/index.php\/wp-json\/wp\/v2\/media\/11082"}],"wp:attachment":[{"href":"https:\/\/latienditadesanjose.com\/index.php\/wp-json\/wp\/v2\/media?parent=11081"}],"curies":[{"name":"wp","href":"https:\/\/api.w.org\/{rel}","templated":true}]}}

<p>Cuantas veces las mamás católicas se lanzan con empeño en su vocación, quieren educar cristianamente a sus hijos. Pero se encuentran con varios obstáculos. ¿Por dónde empezar? ¿Existe algún método? ¿Cuáles son los principios para educar a mis hijos? Estos y muchos más obstáculos se presentan en la ardua tarea de educar bien a los hijos.</p>
<p>Las mamás deben tener en cuenta que educar es una arte y además un don de Dios. Pero necesita de una preparación profunda, para que la educación sea lo mejor posible, con esmero y muy buena voluntad.</p>
<p>Para esto el Padre Eduardo Pavanetti, guía a las mamás paso a paso como educarse a sí mismas, para poder educar sus hijos para el cielo.<br />
Conocer el temperamento de los niños, develar su alma a medida que pasan por cada etapa de su vida y entrenar desde su intelecto y su voluntad a esas mamás que no quieren solamente hijos buenos, sino hijos SANTOS.</p>

<!-- This site is optimized with the Yoast SEO plugin v22.6 - https://yoast.com/wordpress/plugins/seo/ -->
<title>LA MADRE EDUCADORA - LA TIENDITA DE SAN JOSÉ</title>
<meta name="robots" content="index, follow, max-snippet:-1, max-image-preview:large, max-video-preview:-1" />
<link rel="canonical" href="https://latienditadesanjose.com/index.php/producto/la-madre-educadora/" />
<meta property="og:locale" content="es_ES" />
<meta property="og:type" content="article" />
<meta property="og:title" content="LA MADRE EDUCADORA - LA TIENDITA DE SAN JOSÉ" />
<meta property="og:description" content="Cuantas veces las mamás católicas se lanzan con empeño en su vocación, quieren educar cristianamente a sus hijos. Pero se encuentran con varios obstáculos. ¿Por dónde empezar? ¿Existe algún método? ¿Cuáles son los principios para educar a mis hijos? Estos y muchos más obstáculos se presentan en la ardua tarea de educar bien a los hijos.  Las mamás deben tener en cuenta que educar es una arte y además un don de Dios. Pero necesita de una preparación profunda, para que la educación sea lo mejor posible, con esmero y muy buena voluntad.  Para esto el Padre Eduardo Pavanetti, guía a las mamás paso a paso como educarse a sí mismas, para poder educar sus hijos para el cielo. Conocer el temperamento de los niños, develar su alma a medida que pasan por cada etapa de su vida y entrenar desde su intelecto y su voluntad a esas mamás que no quieren solamente hijos buenos, sino hijos SANTOS." />
<meta property="og:url" content="https://latienditadesanjose.com/index.php/producto/la-madre-educadora/" />
<meta property="og:site_name" content="LA TIENDITA DE SAN JOSÉ" />
<meta property="article:modified_time" content="2024-04-19T16:52:15+00:00" />
<meta property="og:image" content="https://latienditadesanjose.com/wp-content/uploads/2024/04/LA-MADRE-EDUCADORA_-P.-EDUARDO-PAVVANELLI-14.jpg" />
	<meta property="og:image:width" content="971" />
	<meta property="og:image:height" content="1500" />
	<meta property="og:image:type" content="image/jpeg" />
<meta name="twitter:card" content="summary_large_image" />
<script type="application/ld+json" class="yoast-schema-graph">{"@context":"https://schema.org","@graph":[{"@type":"WebPage","@id":"https://latienditadesanjose.com/index.php/producto/la-madre-educadora/","url":"https://latienditadesanjose.com/index.php/producto/la-madre-educadora/","name":"LA MADRE EDUCADORA - LA TIENDITA DE SAN JOSÉ","isPartOf":{"@id":"https://latienditadesanjose.com/#website"},"primaryImageOfPage":{"@id":"https://latienditadesanjose.com/index.php/producto/la-madre-educadora/#primaryimage"},"image":{"@id":"https://latienditadesanjose.com/index.php/producto/la-madre-educadora/#primaryimage"},"thumbnailUrl":"https://latienditadesanjose.com/wp-content/uploads/2024/04/LA-MADRE-EDUCADORA_-P.-EDUARDO-PAVVANELLI-14.jpg","datePublished":"2024-04-01T22:59:24+00:00","dateModified":"2024-04-19T16:52:15+00:00","breadcrumb":{"@id":"https://latienditadesanjose.com/index.php/producto/la-madre-educadora/#breadcrumb"},"inLanguage":"es","potentialAction":[{"@type":"ReadAction","target":["https://latienditadesanjose.com/index.php/producto/la-madre-educadora/"]}]},{"@type":"ImageObject","inLanguage":"es","@id":"https://latienditadesanjose.com/index.php/producto/la-madre-educadora/#primaryimage","url":"https://latienditadesanjose.com/wp-content/uploads/2024/04/LA-MADRE-EDUCADORA_-P.-EDUARDO-PAVVANELLI-14.jpg","contentUrl":"https://latienditadesanjose.com/wp-content/uploads/2024/04/LA-MADRE-EDUCADORA_-P.-EDUARDO-PAVVANELLI-14.jpg","width":971,"height":1500},{"@type":"BreadcrumbList","@id":"https://latienditadesanjose.com/index.php/producto/la-madre-educadora/#breadcrumb","itemListElement":[{"@type":"ListItem","position":1,"name":"Portada","item":"https://latienditadesanjose.com/"},{"@type":"ListItem","position":2,"name":"Tienda","item":"https://latienditadesanjose.com/index.php/shop/"},{"@type":"ListItem","position":3,"name":"LA MADRE EDUCADORA"}]},{"@type":"WebSite","@id":"https://latienditadesanjose.com/#website","url":"https://latienditadesanjose.com/","name":"LA TIENDITA DE SAN JOSÉ","description":"Tienda católica online","publisher":{"@id":"https://latienditadesanjose.com/#organization"},"potentialAction":[{"@type":"SearchAction","target":{"@type":"EntryPoint","urlTemplate":"https://latienditadesanjose.com/?s={search_term_string}"},"query-input":"required name=search_term_string"}],"inLanguage":"es"},{"@type":"Organization","@id":"https://latienditadesanjose.com/#organization","name":"La tiendita San José","url":"https://latienditadesanjose.com/","logo":{"@type":"ImageObject","inLanguage":"es","@id":"https://latienditadesanjose.com/#/schema/logo/image/","url":"https://latienditadesanjose.com/wp-content/uploads/2024/03/cropped-LOGO.png","contentUrl":"https://latienditadesanjose.com/wp-content/uploads/2024/03/cropped-LOGO.png","width":694,"height":254,"caption":"La tiendita San José"},"image":{"@id":"https://latienditadesanjose.com/#/schema/logo/image/"}}]}</script>
<!-- / Yoast SEO plugin. -->

LA MADRE EDUCADORA - LA TIENDITA DE SAN JOSÉ

Cuantas veces las mamás católicas se lanzan con empeño en su vocación, quieren educar cristianamente a sus hijos. Pero se encuentran con varios obstáculos. ¿Por dónde empezar? ¿Existe algún método? ¿Cuáles son los principios para educar a mis hijos? Estos y muchos más obstáculos se presentan en la ardua tarea de educar bien a los hijos.  Las mamás deben tener en cuenta que educar es una arte y además un don de Dios. Pero necesita de una preparación profunda, para que la educación sea lo mejor posible, con esmero y muy buena voluntad.  Para esto el Padre Eduardo Pavanetti, guía a las mamás paso a paso como educarse a sí mismas, para poder educar sus hijos para el cielo. Conocer el temperamento de los niños, develar su alma a medida que pasan por cada etapa de su vida y entrenar desde su intelecto y su voluntad a esas mamás que no quieren solamente hijos buenos, sino hijos SANTOS.

LA TIENDITA DE SAN JOSÉ

Tienda católica online

La tiendita San José
