{"id":9994,"date":"2022-03-02T16:34:11","date_gmt":"2022-03-02T21:34:11","guid":{"rendered":"https:\/\/latienditadesanjose.com\/?post_type=product&#038;p=9994"},"modified":"2024-04-23T17:42:50","modified_gmt":"2024-04-23T22:42:50","slug":"cuaresma-pascua-y-pentecostes","status":"publish","type":"product","link":"https:\/\/latienditadesanjose.com\/index.php\/producto\/cuaresma-pascua-y-pentecostes\/","title":{"rendered":"CUARESMA PASCUA Y PENTECOSTES"},"content":{"rendered":"<p><em><strong>Autor:<\/strong><\/em> JOS\u00c9 BORTOLINI<\/p>\n","protected":false},"excerpt":{"rendered":"<p>Creer y comprender no son cosas opuestas. Cuando creemos sentimos la necesidad de dar raz\u00f3n de nuestra fe, es decir, manifestar por qu\u00e9 creemos. Entre m\u00e1s comprendamos los fundamentos de nuestra fe, m\u00e1s capaces seremos de vivir, celebrar y testimoniar aquello que creemos.<\/p>\n<p>El ciclo de la Pascua, n\u00facleo central del a\u00f1o lit\u00fargico, encierra dos de las tres grandes solemnidades: Pascua y Pentecost\u00e9s. No todos los cristianos tienen conciencia de lo que celebramos en ese ciclo.<\/p>\n<p>&nbsp;<\/p>\n","protected":false},"featured_media":11248,"comment_status":"open","ping_status":"closed","template":"","meta":{"_editorskit_title_hidden":false,"_editorskit_reading_time":0,"kt_blocks_editor_width":"","_kad_post_transparent":"default","_kad_post_title":"","_kad_post_layout":"default","_kad_post_sidebar_id":"","_kad_post_content_style":"default","_kad_post_vertical_padding":"default","_kad_post_feature":"","_kad_post_feature_position":"","_kad_post_header":false,"_kad_post_footer":false},"yoast_head":"<!-- This site is optimized with the Yoast SEO plugin v22.6 - https:\/\/yoast.com\/wordpress\/plugins\/seo\/ -->\n<title>CUARESMA PASCUA Y PENTECOSTES - LA TIENDITA DE SAN JOS\u00c9<\/title>\n<meta name=\"robots\" content=\"index, follow, max-snippet:-1, max-image-preview:large, max-video-preview:-1\" \/>\n<link rel=\"canonical\" href=\"https:\/\/latienditadesanjose.com\/index.php\/producto\/cuaresma-pascua-y-pentecostes\/\" \/>\n<meta property=\"og:locale\" content=\"es_ES\" \/>\n<meta property=\"og:type\" content=\"article\" \/>\n<meta property=\"og:title\" content=\"CUARESMA PASCUA Y PENTECOSTES - LA TIENDITA DE SAN JOS\u00c9\" \/>\n<meta property=\"og:description\" content=\"Creer y comprender no son cosas opuestas. Cuando creemos sentimos la necesidad de dar raz\u00f3n de nuestra fe, es decir, manifestar por qu\u00e9 creemos. Entre m\u00e1s comprendamos los fundamentos de nuestra fe, m\u00e1s capaces seremos de vivir, celebrar y testimoniar aquello que creemos.  El ciclo de la Pascua, n\u00facleo central del a\u00f1o lit\u00fargico, encierra dos de las tres grandes solemnidades: Pascua y Pentecost\u00e9s. No todos los cristianos tienen conciencia de lo que celebramos en ese ciclo.  &nbsp;\" \/>\n<meta property=\"og:url\" content=\"https:\/\/latienditadesanjose.com\/index.php\/producto\/cuaresma-pascua-y-pentecostes\/\" \/>\n<meta property=\"og:site_name\" content=\"LA TIENDITA DE SAN JOS\u00c9\" \/>\n<meta property=\"article:modified_time\" content=\"2024-04-23T22:42:50+00:00\" \/>\n<meta property=\"og:image\" content=\"https:\/\/latienditadesanjose.com\/wp-content\/uploads\/2022\/03\/Cuaresma-pascua-y-pentecotes.jpg\" \/>\n\t<meta property=\"og:image:width\" content=\"252\" \/>\n\t<meta property=\"og:image:height\" content=\"378\" \/>\n\t<meta property=\"og:image:type\" content=\"image\/jpeg\" \/>\n<meta name=\"twitter:card\" content=\"summary_large_image\" \/>\n<meta name=\"twitter:label1\" content=\"Tiempo de lectura\" \/>\n\t<meta name=\"twitter:data1\" content=\"1 minuto\" \/>\n<script type=\"application\/ld+json\" class=\"yoast-schema-graph\">{\"@context\":\"https:\/\/schema.org\",\"@graph\":[{\"@type\":\"WebPage\",\"@id\":\"https:\/\/latienditadesanjose.com\/index.php\/producto\/cuaresma-pascua-y-pentecostes\/\",\"url\":\"https:\/\/latienditadesanjose.com\/index.php\/producto\/cuaresma-pascua-y-pentecostes\/\",\"name\":\"CUARESMA PASCUA Y PENTECOSTES - LA TIENDITA DE SAN JOS\u00c9\",\"isPartOf\":{\"@id\":\"https:\/\/latienditadesanjose.com\/#website\"},\"primaryImageOfPage\":{\"@id\":\"https:\/\/latienditadesanjose.com\/index.php\/producto\/cuaresma-pascua-y-pentecostes\/#primaryimage\"},\"image\":{\"@id\":\"https:\/\/latienditadesanjose.com\/index.php\/producto\/cuaresma-pascua-y-pentecostes\/#primaryimage\"},\"thumbnailUrl\":\"https:\/\/latienditadesanjose.com\/wp-content\/uploads\/2022\/03\/Cuaresma-pascua-y-pentecotes.jpg\",\"datePublished\":\"2022-03-02T21:34:11+00:00\",\"dateModified\":\"2024-04-23T22:42:50+00:00\",\"breadcrumb\":{\"@id\":\"https:\/\/latienditadesanjose.com\/index.php\/producto\/cuaresma-pascua-y-pentecostes\/#breadcrumb\"},\"inLanguage\":\"es\",\"potentialAction\":[{\"@type\":\"ReadAction\",\"target\":[\"https:\/\/latienditadesanjose.com\/index.php\/producto\/cuaresma-pascua-y-pentecostes\/\"]}]},{\"@type\":\"ImageObject\",\"inLanguage\":\"es\",\"@id\":\"https:\/\/latienditadesanjose.com\/index.php\/producto\/cuaresma-pascua-y-pentecostes\/#primaryimage\",\"url\":\"https:\/\/latienditadesanjose.com\/wp-content\/uploads\/2022\/03\/Cuaresma-pascua-y-pentecotes.jpg\",\"contentUrl\":\"https:\/\/latienditadesanjose.com\/wp-content\/uploads\/2022\/03\/Cuaresma-pascua-y-pentecotes.jpg\",\"width\":252,\"height\":378},{\"@type\":\"BreadcrumbList\",\"@id\":\"https:\/\/latienditadesanjose.com\/index.php\/producto\/cuaresma-pascua-y-pentecostes\/#breadcrumb\",\"itemListElement\":[{\"@type\":\"ListItem\",\"position\":1,\"name\":\"Portada\",\"item\":\"https:\/\/latienditadesanjose.com\/\"},{\"@type\":\"ListItem\",\"position\":2,\"name\":\"Tienda\",\"item\":\"https:\/\/latienditadesanjose.com\/index.php\/shop\/\"},{\"@type\":\"ListItem\",\"position\":3,\"name\":\"CUARESMA PASCUA Y PENTECOSTES\"}]},{\"@type\":\"WebSite\",\"@id\":\"https:\/\/latienditadesanjose.com\/#website\",\"url\":\"https:\/\/latienditadesanjose.com\/\",\"name\":\"LA TIENDITA DE SAN JOS\u00c9\",\"description\":\"Tienda cat\u00f3lica online\",\"publisher\":{\"@id\":\"https:\/\/latienditadesanjose.com\/#organization\"},\"potentialAction\":[{\"@type\":\"SearchAction\",\"target\":{\"@type\":\"EntryPoint\",\"urlTemplate\":\"https:\/\/latienditadesanjose.com\/?s={search_term_string}\"},\"query-input\":\"required name=search_term_string\"}],\"inLanguage\":\"es\"},{\"@type\":\"Organization\",\"@id\":\"https:\/\/latienditadesanjose.com\/#organization\",\"name\":\"La tiendita San Jos\u00e9\",\"url\":\"https:\/\/latienditadesanjose.com\/\",\"logo\":{\"@type\":\"ImageObject\",\"inLanguage\":\"es\",\"@id\":\"https:\/\/latienditadesanjose.com\/#\/schema\/logo\/image\/\",\"url\":\"https:\/\/latienditadesanjose.com\/wp-content\/uploads\/2024\/03\/cropped-LOGO.png\",\"contentUrl\":\"https:\/\/latienditadesanjose.com\/wp-content\/uploads\/2024\/03\/cropped-LOGO.png\",\"width\":694,\"height\":254,\"caption\":\"La tiendita San Jos\u00e9\"},\"image\":{\"@id\":\"https:\/\/latienditadesanjose.com\/#\/schema\/logo\/image\/\"}}]}<\/script>\n<!-- \/ Yoast SEO plugin. -->","yoast_head_json":{"title":"CUARESMA PASCUA Y PENTECOSTES - LA TIENDITA DE SAN JOS\u00c9","robots":{"index":"index","follow":"follow","max-snippet":"max-snippet:-1","max-image-preview":"max-image-preview:large","max-video-preview":"max-video-preview:-1"},"canonical":"https:\/\/latienditadesanjose.com\/index.php\/producto\/cuaresma-pascua-y-pentecostes\/","og_locale":"es_ES","og_type":"article","og_title":"CUARESMA PASCUA Y PENTECOSTES - LA TIENDITA DE SAN JOS\u00c9","og_description":"Creer y comprender no son cosas opuestas. Cuando creemos sentimos la necesidad de dar raz\u00f3n de nuestra fe, es decir, manifestar por qu\u00e9 creemos. Entre m\u00e1s comprendamos los fundamentos de nuestra fe, m\u00e1s capaces seremos de vivir, celebrar y testimoniar aquello que creemos.  El ciclo de la Pascua, n\u00facleo central del a\u00f1o lit\u00fargico, encierra dos de las tres grandes solemnidades: Pascua y Pentecost\u00e9s. No todos los cristianos tienen conciencia de lo que celebramos en ese ciclo.  &nbsp;","og_url":"https:\/\/latienditadesanjose.com\/index.php\/producto\/cuaresma-pascua-y-pentecostes\/","og_site_name":"LA TIENDITA DE SAN JOS\u00c9","article_modified_time":"2024-04-23T22:42:50+00:00","og_image":[{"width":252,"height":378,"url":"https:\/\/latienditadesanjose.com\/wp-content\/uploads\/2022\/03\/Cuaresma-pascua-y-pentecotes.jpg","type":"image\/jpeg"}],"twitter_card":"summary_large_image","twitter_misc":{"Tiempo de lectura":"1 minuto"},"schema":{"@context":"https:\/\/schema.org","@graph":[{"@type":"WebPage","@id":"https:\/\/latienditadesanjose.com\/index.php\/producto\/cuaresma-pascua-y-pentecostes\/","url":"https:\/\/latienditadesanjose.com\/index.php\/producto\/cuaresma-pascua-y-pentecostes\/","name":"CUARESMA PASCUA Y PENTECOSTES - LA TIENDITA DE SAN JOS\u00c9","isPartOf":{"@id":"https:\/\/latienditadesanjose.com\/#website"},"primaryImageOfPage":{"@id":"https:\/\/latienditadesanjose.com\/index.php\/producto\/cuaresma-pascua-y-pentecostes\/#primaryimage"},"image":{"@id":"https:\/\/latienditadesanjose.com\/index.php\/producto\/cuaresma-pascua-y-pentecostes\/#primaryimage"},"thumbnailUrl":"https:\/\/latienditadesanjose.com\/wp-content\/uploads\/2022\/03\/Cuaresma-pascua-y-pentecotes.jpg","datePublished":"2022-03-02T21:34:11+00:00","dateModified":"2024-04-23T22:42:50+00:00","breadcrumb":{"@id":"https:\/\/latienditadesanjose.com\/index.php\/producto\/cuaresma-pascua-y-pentecostes\/#breadcrumb"},"inLanguage":"es","potentialAction":[{"@type":"ReadAction","target":["https:\/\/latienditadesanjose.com\/index.php\/producto\/cuaresma-pascua-y-pentecostes\/"]}]},{"@type":"ImageObject","inLanguage":"es","@id":"https:\/\/latienditadesanjose.com\/index.php\/producto\/cuaresma-pascua-y-pentecostes\/#primaryimage","url":"https:\/\/latienditadesanjose.com\/wp-content\/uploads\/2022\/03\/Cuaresma-pascua-y-pentecotes.jpg","contentUrl":"https:\/\/latienditadesanjose.com\/wp-content\/uploads\/2022\/03\/Cuaresma-pascua-y-pentecotes.jpg","width":252,"height":378},{"@type":"BreadcrumbList","@id":"https:\/\/latienditadesanjose.com\/index.php\/producto\/cuaresma-pascua-y-pentecostes\/#breadcrumb","itemListElement":[{"@type":"ListItem","position":1,"name":"Portada","item":"https:\/\/latienditadesanjose.com\/"},{"@type":"ListItem","position":2,"name":"Tienda","item":"https:\/\/latienditadesanjose.com\/index.php\/shop\/"},{"@type":"ListItem","position":3,"name":"CUARESMA PASCUA Y PENTECOSTES"}]},{"@type":"WebSite","@id":"https:\/\/latienditadesanjose.com\/#website","url":"https:\/\/latienditadesanjose.com\/","name":"LA TIENDITA DE SAN JOS\u00c9","description":"Tienda cat\u00f3lica online","publisher":{"@id":"https:\/\/latienditadesanjose.com\/#organization"},"potentialAction":[{"@type":"SearchAction","target":{"@type":"EntryPoint","urlTemplate":"https:\/\/latienditadesanjose.com\/?s={search_term_string}"},"query-input":"required name=search_term_string"}],"inLanguage":"es"},{"@type":"Organization","@id":"https:\/\/latienditadesanjose.com\/#organization","name":"La tiendita San Jos\u00e9","url":"https:\/\/latienditadesanjose.com\/","logo":{"@type":"ImageObject","inLanguage":"es","@id":"https:\/\/latienditadesanjose.com\/#\/schema\/logo\/image\/","url":"https:\/\/latienditadesanjose.com\/wp-content\/uploads\/2024\/03\/cropped-LOGO.png","contentUrl":"https:\/\/latienditadesanjose.com\/wp-content\/uploads\/2024\/03\/cropped-LOGO.png","width":694,"height":254,"caption":"La tiendita San Jos\u00e9"},"image":{"@id":"https:\/\/latienditadesanjose.com\/#\/schema\/logo\/image\/"}}]}},"_links":{"self":[{"href":"https:\/\/latienditadesanjose.com\/index.php\/wp-json\/wp\/v2\/product\/9994"}],"collection":[{"href":"https:\/\/latienditadesanjose.com\/index.php\/wp-json\/wp\/v2\/product"}],"about":[{"href":"https:\/\/latienditadesanjose.com\/index.php\/wp-json\/wp\/v2\/types\/product"}],"replies":[{"embeddable":true,"href":"https:\/\/latienditadesanjose.com\/index.php\/wp-json\/wp\/v2\/comments?post=9994"}],"wp:featuredmedia":[{"embeddable":true,"href":"https:\/\/latienditadesanjose.com\/index.php\/wp-json\/wp\/v2\/media\/11248"}],"wp:attachment":[{"href":"https:\/\/latienditadesanjose.com\/index.php\/wp-json\/wp\/v2\/media?parent=9994"}],"curies":[{"name":"wp","href":"https:\/\/api.w.org\/{rel}","templated":true}]}}

<p><em><strong>Autor:</strong></em> JOSÉ BORTOLINI</p>

<p>Creer y comprender no son cosas opuestas. Cuando creemos sentimos la necesidad de dar razón de nuestra fe, es decir, manifestar por qué creemos. Entre más comprendamos los fundamentos de nuestra fe, más capaces seremos de vivir, celebrar y testimoniar aquello que creemos.</p>
<p>El ciclo de la Pascua, núcleo central del año litúrgico, encierra dos de las tres grandes solemnidades: Pascua y Pentecostés. No todos los cristianos tienen conciencia de lo que celebramos en ese ciclo.</p>
<p>&nbsp;</p>

<!-- This site is optimized with the Yoast SEO plugin v22.6 - https://yoast.com/wordpress/plugins/seo/ -->
<title>CUARESMA PASCUA Y PENTECOSTES - LA TIENDITA DE SAN JOSÉ</title>
<meta name="robots" content="index, follow, max-snippet:-1, max-image-preview:large, max-video-preview:-1" />
<link rel="canonical" href="https://latienditadesanjose.com/index.php/producto/cuaresma-pascua-y-pentecostes/" />
<meta property="og:locale" content="es_ES" />
<meta property="og:type" content="article" />
<meta property="og:title" content="CUARESMA PASCUA Y PENTECOSTES - LA TIENDITA DE SAN JOSÉ" />
<meta property="og:description" content="Creer y comprender no son cosas opuestas. Cuando creemos sentimos la necesidad de dar razón de nuestra fe, es decir, manifestar por qué creemos. Entre más comprendamos los fundamentos de nuestra fe, más capaces seremos de vivir, celebrar y testimoniar aquello que creemos.  El ciclo de la Pascua, núcleo central del año litúrgico, encierra dos de las tres grandes solemnidades: Pascua y Pentecostés. No todos los cristianos tienen conciencia de lo que celebramos en ese ciclo.  &nbsp;" />
<meta property="og:url" content="https://latienditadesanjose.com/index.php/producto/cuaresma-pascua-y-pentecostes/" />
<meta property="og:site_name" content="LA TIENDITA DE SAN JOSÉ" />
<meta property="article:modified_time" content="2024-04-23T22:42:50+00:00" />
<meta property="og:image" content="https://latienditadesanjose.com/wp-content/uploads/2022/03/Cuaresma-pascua-y-pentecotes.jpg" />
	<meta property="og:image:width" content="252" />
	<meta property="og:image:height" content="378" />
	<meta property="og:image:type" content="image/jpeg" />
<meta name="twitter:card" content="summary_large_image" />
<meta name="twitter:label1" content="Tiempo de lectura" />
	<meta name="twitter:data1" content="1 minuto" />
<script type="application/ld+json" class="yoast-schema-graph">{"@context":"https://schema.org","@graph":[{"@type":"WebPage","@id":"https://latienditadesanjose.com/index.php/producto/cuaresma-pascua-y-pentecostes/","url":"https://latienditadesanjose.com/index.php/producto/cuaresma-pascua-y-pentecostes/","name":"CUARESMA PASCUA Y PENTECOSTES - LA TIENDITA DE SAN JOSÉ","isPartOf":{"@id":"https://latienditadesanjose.com/#website"},"primaryImageOfPage":{"@id":"https://latienditadesanjose.com/index.php/producto/cuaresma-pascua-y-pentecostes/#primaryimage"},"image":{"@id":"https://latienditadesanjose.com/index.php/producto/cuaresma-pascua-y-pentecostes/#primaryimage"},"thumbnailUrl":"https://latienditadesanjose.com/wp-content/uploads/2022/03/Cuaresma-pascua-y-pentecotes.jpg","datePublished":"2022-03-02T21:34:11+00:00","dateModified":"2024-04-23T22:42:50+00:00","breadcrumb":{"@id":"https://latienditadesanjose.com/index.php/producto/cuaresma-pascua-y-pentecostes/#breadcrumb"},"inLanguage":"es","potentialAction":[{"@type":"ReadAction","target":["https://latienditadesanjose.com/index.php/producto/cuaresma-pascua-y-pentecostes/"]}]},{"@type":"ImageObject","inLanguage":"es","@id":"https://latienditadesanjose.com/index.php/producto/cuaresma-pascua-y-pentecostes/#primaryimage","url":"https://latienditadesanjose.com/wp-content/uploads/2022/03/Cuaresma-pascua-y-pentecotes.jpg","contentUrl":"https://latienditadesanjose.com/wp-content/uploads/2022/03/Cuaresma-pascua-y-pentecotes.jpg","width":252,"height":378},{"@type":"BreadcrumbList","@id":"https://latienditadesanjose.com/index.php/producto/cuaresma-pascua-y-pentecostes/#breadcrumb","itemListElement":[{"@type":"ListItem","position":1,"name":"Portada","item":"https://latienditadesanjose.com/"},{"@type":"ListItem","position":2,"name":"Tienda","item":"https://latienditadesanjose.com/index.php/shop/"},{"@type":"ListItem","position":3,"name":"CUARESMA PASCUA Y PENTECOSTES"}]},{"@type":"WebSite","@id":"https://latienditadesanjose.com/#website","url":"https://latienditadesanjose.com/","name":"LA TIENDITA DE SAN JOSÉ","description":"Tienda católica online","publisher":{"@id":"https://latienditadesanjose.com/#organization"},"potentialAction":[{"@type":"SearchAction","target":{"@type":"EntryPoint","urlTemplate":"https://latienditadesanjose.com/?s={search_term_string}"},"query-input":"required name=search_term_string"}],"inLanguage":"es"},{"@type":"Organization","@id":"https://latienditadesanjose.com/#organization","name":"La tiendita San José","url":"https://latienditadesanjose.com/","logo":{"@type":"ImageObject","inLanguage":"es","@id":"https://latienditadesanjose.com/#/schema/logo/image/","url":"https://latienditadesanjose.com/wp-content/uploads/2024/03/cropped-LOGO.png","contentUrl":"https://latienditadesanjose.com/wp-content/uploads/2024/03/cropped-LOGO.png","width":694,"height":254,"caption":"La tiendita San José"},"image":{"@id":"https://latienditadesanjose.com/#/schema/logo/image/"}}]}</script>
<!-- / Yoast SEO plugin. -->

CUARESMA PASCUA Y PENTECOSTES - LA TIENDITA DE SAN JOSÉ

Creer y comprender no son cosas opuestas. Cuando creemos sentimos la necesidad de dar razón de nuestra fe, es decir, manifestar por qué creemos. Entre más comprendamos los fundamentos de nuestra fe, más capaces seremos de vivir, celebrar y testimoniar aquello que creemos.  El ciclo de la Pascua, núcleo central del año litúrgico, encierra dos de las tres grandes solemnidades: Pascua y Pentecostés. No todos los cristianos tienen conciencia de lo que celebramos en ese ciclo.  &nbsp;

LA TIENDITA DE SAN JOSÉ

Tienda católica online

La tiendita San José
